{"id":784,"date":"2024-06-07T13:50:00","date_gmt":"2024-06-07T11:50:00","guid":{"rendered":"https:\/\/osa.fh-potsdam.de\/informations-u-datenmanagement\/?page_id=784"},"modified":"2026-02-06T14:00:09","modified_gmt":"2026-02-06T13:00:09","slug":"iud-studieren","status":"publish","type":"page","link":"https:\/\/osa.fh-potsdam.de\/informations-u-datenmanagement\/mein-fazit\/iud-studieren\/","title":{"rendered":"IuD studieren?"},"content":{"rendered":"\n<h2 class=\"wp-block-heading has-large-font-size\"><strong>IuD an der FHP studieren?<\/strong><\/h2>\n\n\n<div  class=\"grids-section grids-is-stretch\" style=\"--_gs-gap-desktop:0px 60px;--_gs-m-desktop:40px 0 100px 0;--_gs-p-desktop:0 0 0 0;--_gs-bg-desktop:transparent none;--_gs-bg-xp-desktop:0px;--_gs-zi-desktop:auto;--_gs-d-desktop:block;--_gs-mw-desktop:calc(100% - 0 - 0);--_gs-min-height-desktop:200px;--_gs-gap-tablet:0px 60px;--_gs-m-tablet:40px 0 100px 0;--_gs-p-tablet:0 0 0 0;--_gs-bg-tablet:transparent none;--_gs-bg-xp-tablet:0px;--_gs-zi-tablet:auto;--_gs-d-tablet:block;--_gs-mw-tablet:calc(100% - 0 - 0);--_gs-gap-mobile:0px 60px;--_gs-m-mobile:40px 0 100px 0;--_gs-p-mobile:0 0 0 0;--_gs-bg-mobile:transparent none;--_gs-bg-xp-mobile:0px;--_gs-zi-mobile:auto;--_gs-d-mobile:block;--_gs-mw-mobile:calc(100% - 0 - 0);--_gs-columns:2;--_gs-rows:1\"><div class=\"grids-s-w_i\">\n<div class=\"grids-area\" style=\"--_ga-column:1\/2;--_ga-row:1\/2;--_ga-m-desktop:0 0 0 0;--_ga-p-desktop:0 0 0 0;--_ga-bg-desktop:transparent none;--_ga-zi-desktop:auto;--_ga-d-desktop:flex;--_ga-mw-desktop:calc(100% - 0 - 0);--_ga-m-tablet:0 0 0 0;--_ga-p-tablet:0 0 0 0;--_ga-bg-tablet:transparent none;--_ga-zi-tablet:auto;--_ga-d-tablet:flex;--_ga-mw-tablet:calc(100% - 0 - 0);--_ga-m-mobile:0 0 0 0;--_ga-p-mobile:0 0 0 0;--_ga-bg-mobile:transparent none;--_ga-zi-mobile:auto;--_ga-d-mobile:flex;--_ga-mw-mobile:calc(100% - 0 - 0)\">\n\n<div class=\"wp-block-group\"><div class=\"wp-block-group__inner-container is-layout-constrained wp-block-group-is-layout-constrained\">\n<hr class=\"wp-block-separator has-alpha-channel-opacity\"\/>\n<\/div><\/div>\n\n\n\n<h3 class=\"wp-block-heading\">Sie sind sich sicher, dass Informa\u00adtions- und Daten\u00admanage\u00adment der richtige Studiengang f\u00fcr Sie ist?<\/h3>\n\n<\/div>\n\n<div class=\"grids-area\" style=\"--_ga-column:2\/3;--_ga-row:1\/2;--_ga-m-desktop:0 0 0 0;--_ga-p-desktop:0 20px 0 20px;--_ga-bg-desktop:#f0f4f9 none;--_ga-zi-desktop:auto;--_ga-d-desktop:flex;--_ga-mw-desktop:calc(100% - 0 - 0);--_ga-m-tablet:0 0 0 0;--_ga-p-tablet:0 20px 0 20px;--_ga-bg-tablet:#f0f4f9 none;--_ga-zi-tablet:auto;--_ga-d-tablet:flex;--_ga-mw-tablet:calc(100% - 0 - 0);--_ga-m-mobile:0 0 0 0;--_ga-p-mobile:0 20px 0 20px;--_ga-bg-mobile:#f0f4f9 none;--_ga-zi-mobile:auto;--_ga-d-mobile:flex;--_ga-mw-mobile:calc(100% - 0 - 0)\">\n\n<p>Hier finden Sie&nbsp;<u><a href=\"https:\/\/www.fh-potsdam.de\/studium-weiterbildung\/studiengaenge\/informations-und-datenmanagement-ba#section-3642\" target=\"_blank\" rel=\"noreferrer noopener\">Hinweise zur Bewerbung<\/a><\/u>.<\/p>\n\n<\/div>\n<\/div><\/div>\n\n<div  class=\"grids-section grids-is-advanced\" style=\"--_gs-gap-desktop:0px 60px;--_gs-m-desktop:40px 0 100px 0;--_gs-p-desktop:0 0 0 0;--_gs-bg-desktop:transparent none;--_gs-bg-xp-desktop:0px;--_gs-zi-desktop:auto;--_gs-d-desktop:block;--_gs-mw-desktop:calc(100% - 0 - 0);--_gs-min-height-desktop:200px;--_gs-gap-tablet:0px 60px;--_gs-m-tablet:40px 0 100px 0;--_gs-p-tablet:0 0 0 0;--_gs-bg-tablet:transparent none;--_gs-bg-xp-tablet:0px;--_gs-zi-tablet:auto;--_gs-d-tablet:block;--_gs-mw-tablet:calc(100% - 0 - 0);--_gs-gap-mobile:0px 60px;--_gs-m-mobile:40px 0 100px 0;--_gs-p-mobile:0 0 0 0;--_gs-bg-mobile:transparent none;--_gs-bg-xp-mobile:0px;--_gs-zi-mobile:auto;--_gs-d-mobile:block;--_gs-mw-mobile:calc(100% - 0 - 0);--_gs-columns:12;--_gs-rows:6\"><div class=\"grids-s-w_i\">\n<div class=\"grids-area\" style=\"--_ga-column:7\/13;--_ga-row:1\/7;--_ga-m-desktop:0 0 0 0;--_ga-p-desktop:0 0 0 0;--_ga-bg-desktop:transparent none;--_ga-zi-desktop:auto;--_ga-d-desktop:flex;--_ga-mw-desktop:calc(100% - 0 - 0);--_ga-m-tablet:0 0 0 0;--_ga-p-tablet:0 0 0 0;--_ga-bg-tablet:transparent none;--_ga-zi-tablet:auto;--_ga-d-tablet:flex;--_ga-mw-tablet:calc(100% - 0 - 0);--_ga-m-mobile:0 0 0 0;--_ga-p-mobile:0 0 0 0;--_ga-bg-mobile:transparent none;--_ga-zi-mobile:auto;--_ga-d-mobile:flex;--_ga-mw-mobile:calc(100% - 0 - 0)\">\n\n<div class=\"wp-block-group\"><div class=\"wp-block-group__inner-container is-layout-constrained wp-block-group-is-layout-constrained\">\n<hr class=\"wp-block-separator has-alpha-channel-opacity\"\/>\n<\/div><\/div>\n\n\n\n<h3 class=\"wp-block-heading\">Sie sind sich <strong>nicht<\/strong> sicher, ob IuD der richtige Studiengang f\u00fcr Sie ist?<\/h3>\n\n<\/div>\n\n<div class=\"grids-area\" style=\"--_ga-column:1\/7;--_ga-row:1\/7;--_ga-m-desktop:0 0 0 0;--_ga-p-desktop:0 20px 0 20px;--_ga-bg-desktop:#f0f4f9 none;--_ga-zi-desktop:auto;--_ga-d-desktop:flex;--_ga-mw-desktop:calc(100% - 0 - 0);--_ga-m-tablet:0 0 0 0;--_ga-p-tablet:0 20px 0 20px;--_ga-bg-tablet:#f0f4f9 none;--_ga-zi-tablet:auto;--_ga-d-tablet:flex;--_ga-mw-tablet:calc(100% - 0 - 0);--_ga-m-mobile:0 0 0 0;--_ga-p-mobile:0 20px 0 20px;--_ga-bg-mobile:#f0f4f9 none;--_ga-zi-mobile:auto;--_ga-d-mobile:flex;--_ga-mw-mobile:calc(100% - 0 - 0)\">\n\n<p>Hier finden Sie weitere Informationen zum Studiengang auf den Seiten des&nbsp;<a href=\"https:\/\/www.fh-potsdam.de\/studieren\/fachbereiche\/informationswissenschaften\/\" target=\"_blank\" rel=\"noreferrer noopener\">Fachbereichs Informationswissenschaften<\/a>&nbsp;der Fachhochschule Potsdam. Im Fachbereich Informationswissenschaften gibt es zudem noch weitere Bachelor-Studieng\u00e4nge. Hier k\u00f6nnen Sie sich informieren:<\/p>\n\n\n\n<ul class=\"wp-block-list\">\n<li><a href=\"https:\/\/www.fh-potsdam.de\/studium-weiterbildung\/studiengaenge\/archiv-ba\" target=\"_blank\" rel=\"noreferrer noopener\">Archiv (B.&nbsp;A.)<\/a><\/li>\n\n\n\n<li><a href=\"https:\/\/www.fh-potsdam.de\/studieren\/fachbereiche\/informationswissenschaften\/studium\/studiengaenge\/bibliothekswissenschaft-ba\/\" target=\"_blank\" rel=\"noreferrer noopener\"><u>Bibliothekswissenschaft (B.<\/u>&nbsp;<u>A<\/u>.)<\/a><\/li>\n<\/ul>\n\n<\/div>\n<\/div><\/div>\n\n<div  class=\"grids-section grids-is-stretch\" style=\"--_gs-gap-desktop:0px 60px;--_gs-m-desktop:40px 0 100px 0;--_gs-p-desktop:0 0 0 0;--_gs-bg-desktop:transparent none;--_gs-bg-xp-desktop:0px;--_gs-zi-desktop:auto;--_gs-d-desktop:block;--_gs-mw-desktop:calc(100% - 0 - 0);--_gs-min-height-desktop:200px;--_gs-gap-tablet:0px 60px;--_gs-m-tablet:40px 0 100px 0;--_gs-p-tablet:0 0 0 0;--_gs-bg-tablet:transparent none;--_gs-bg-xp-tablet:0px;--_gs-zi-tablet:auto;--_gs-d-tablet:block;--_gs-mw-tablet:calc(100% - 0 - 0);--_gs-gap-mobile:0px 60px;--_gs-m-mobile:40px 0 100px 0;--_gs-p-mobile:0 0 0 0;--_gs-bg-mobile:transparent none;--_gs-bg-xp-mobile:0px;--_gs-zi-mobile:auto;--_gs-d-mobile:block;--_gs-mw-mobile:calc(100% - 0 - 0);--_gs-columns:2;--_gs-rows:1\"><div class=\"grids-s-w_i\">\n<div class=\"grids-area\" style=\"--_ga-column:1\/2;--_ga-row:1\/2;--_ga-m-desktop:0 0 0 0;--_ga-p-desktop:0 0 0 0;--_ga-bg-desktop:transparent none;--_ga-zi-desktop:auto;--_ga-d-desktop:flex;--_ga-mw-desktop:calc(100% - 0 - 0);--_ga-m-tablet:0 0 0 0;--_ga-p-tablet:0 0 0 0;--_ga-bg-tablet:transparent none;--_ga-zi-tablet:auto;--_ga-d-tablet:flex;--_ga-mw-tablet:calc(100% - 0 - 0);--_ga-m-mobile:0 0 0 0;--_ga-p-mobile:0 0 0 0;--_ga-bg-mobile:transparent none;--_ga-zi-mobile:auto;--_ga-d-mobile:flex;--_ga-mw-mobile:calc(100% - 0 - 0)\">\n\n<div class=\"wp-block-group\"><div class=\"wp-block-group__inner-container is-layout-constrained wp-block-group-is-layout-constrained\">\n<hr class=\"wp-block-separator has-alpha-channel-opacity\"\/>\n<\/div><\/div>\n\n\n\n<h3 class=\"wp-block-heading\">Sie m\u00f6chten ein anderes OSA ausprobieren?<\/h3>\n\n<\/div>\n\n<div class=\"grids-area\" style=\"--_ga-column:2\/3;--_ga-row:1\/2;--_ga-m-desktop:0 0 0 0;--_ga-p-desktop:0 20px 0 20px;--_ga-bg-desktop:#f0f4f9 none;--_ga-zi-desktop:auto;--_ga-d-desktop:flex;--_ga-mw-desktop:calc(100% - 0 - 0);--_ga-m-tablet:0 0 0 0;--_ga-p-tablet:0 20px 0 20px;--_ga-bg-tablet:#f0f4f9 none;--_ga-zi-tablet:auto;--_ga-d-tablet:flex;--_ga-mw-tablet:calc(100% - 0 - 0);--_ga-m-mobile:0 0 0 0;--_ga-p-mobile:0 20px 0 20px;--_ga-bg-mobile:#f0f4f9 none;--_ga-zi-mobile:auto;--_ga-d-mobile:flex;--_ga-mw-mobile:calc(100% - 0 - 0)\">\n\n<p>Im <a href=\"https:\/\/osa.fh-potsdam.de\/\" target=\"_blank\" rel=\"noreferrer noopener\">OSA-Portal der FH Potsdam<\/a> finden Sie alle verf\u00fcgbaren OSA zu unseren Bachelor-Studieng\u00e4ngen.<\/p>\n\n<\/div>\n<\/div><\/div>\n\n<div  class=\"grids-section grids-is-advanced\" style=\"--_gs-gap-desktop:0px 60px;--_gs-m-desktop:40px 0 100px 0;--_gs-p-desktop:0 0 0 0;--_gs-bg-desktop:transparent none;--_gs-bg-xp-desktop:0px;--_gs-zi-desktop:auto;--_gs-d-desktop:block;--_gs-mw-desktop:calc(100% - 0 - 0);--_gs-min-height-desktop:200px;--_gs-gap-tablet:0px 60px;--_gs-m-tablet:40px 0 100px 0;--_gs-p-tablet:0 0 0 0;--_gs-bg-tablet:transparent none;--_gs-bg-xp-tablet:0px;--_gs-zi-tablet:auto;--_gs-d-tablet:block;--_gs-mw-tablet:calc(100% - 0 - 0);--_gs-gap-mobile:0px 60px;--_gs-m-mobile:40px 0 100px 0;--_gs-p-mobile:0 0 0 0;--_gs-bg-mobile:transparent none;--_gs-bg-xp-mobile:0px;--_gs-zi-mobile:auto;--_gs-d-mobile:block;--_gs-mw-mobile:calc(100% - 0 - 0);--_gs-columns:12;--_gs-rows:6\"><div class=\"grids-s-w_i\">\n<div class=\"grids-area\" style=\"--_ga-column:7\/13;--_ga-row:1\/7;--_ga-m-desktop:0 0 0 0;--_ga-p-desktop:0 0 0 0;--_ga-bg-desktop:transparent none;--_ga-zi-desktop:auto;--_ga-d-desktop:flex;--_ga-mw-desktop:calc(100% - 0 - 0);--_ga-m-tablet:0 0 0 0;--_ga-p-tablet:0 0 0 0;--_ga-bg-tablet:transparent none;--_ga-zi-tablet:auto;--_ga-d-tablet:flex;--_ga-mw-tablet:calc(100% - 0 - 0);--_ga-m-mobile:0 0 0 0;--_ga-p-mobile:0 0 0 0;--_ga-bg-mobile:transparent none;--_ga-zi-mobile:auto;--_ga-d-mobile:flex;--_ga-mw-mobile:calc(100% - 0 - 0)\">\n\n<div class=\"wp-block-group\"><div class=\"wp-block-group__inner-container is-layout-constrained wp-block-group-is-layout-constrained\">\n<hr class=\"wp-block-separator has-alpha-channel-opacity\"\/>\n<\/div><\/div>\n\n\n\n<h3 class=\"wp-block-heading\">Sie w\u00fcrden sich gerne individuell und pers\u00f6nlich beraten lassen?<\/h3>\n\n<\/div>\n\n<div class=\"grids-area\" style=\"--_ga-column:1\/7;--_ga-row:1\/7;--_ga-m-desktop:0 0 0 0;--_ga-p-desktop:0 20px 0 20px;--_ga-bg-desktop:#f0f4f9 none;--_ga-zi-desktop:auto;--_ga-d-desktop:flex;--_ga-mw-desktop:calc(100% - 0 - 0);--_ga-m-tablet:0 0 0 0;--_ga-p-tablet:0 20px 0 20px;--_ga-bg-tablet:#f0f4f9 none;--_ga-zi-tablet:auto;--_ga-d-tablet:flex;--_ga-mw-tablet:calc(100% - 0 - 0);--_ga-m-mobile:0 0 0 0;--_ga-p-mobile:0 20px 0 20px;--_ga-bg-mobile:#f0f4f9 none;--_ga-zi-mobile:auto;--_ga-d-mobile:flex;--_ga-mw-mobile:calc(100% - 0 - 0)\">\n\n<p>In der&nbsp;<a href=\"https:\/\/www.fh-potsdam.de\/studium-weiterbildung\/studienberatung\/studienfachberatung\" target=\"_blank\" rel=\"noreferrer noopener\"><u>Studienfachberatung<\/u><\/a>&nbsp;und in der&nbsp;<a href=\"https:\/\/www.fh-potsdam.de\/studium-weiterbildung\/studienberatung\" target=\"_blank\" rel=\"noreferrer noopener\"><u>allgemeinen Studienberatung<\/u><\/a> gibt es die M\u00f6glichkeit f\u00fcr ein pers\u00f6nliches Beratungsgespr\u00e4ch.<\/p>\n\n<\/div>\n<\/div><\/div>\n\n<div  class=\"grids-section grids-is-stretch\" style=\"--_gs-gap-desktop:0px 60px;--_gs-m-desktop:40px 0 60px 0;--_gs-p-desktop:0 0 0 0;--_gs-bg-desktop:transparent none;--_gs-bg-xp-desktop:0px;--_gs-zi-desktop:auto;--_gs-d-desktop:block;--_gs-mw-desktop:calc(100% - 0 - 0);--_gs-min-height-desktop:200px;--_gs-gap-tablet:0px 60px;--_gs-m-tablet:40px 0 60px 0;--_gs-p-tablet:0 0 0 0;--_gs-bg-tablet:transparent none;--_gs-bg-xp-tablet:0px;--_gs-zi-tablet:auto;--_gs-d-tablet:block;--_gs-mw-tablet:calc(100% - 0 - 0);--_gs-gap-mobile:0px 60px;--_gs-m-mobile:40px 0 60px 0;--_gs-p-mobile:0 0 0 0;--_gs-bg-mobile:transparent none;--_gs-bg-xp-mobile:0px;--_gs-zi-mobile:auto;--_gs-d-mobile:block;--_gs-mw-mobile:calc(100% - 0 - 0);--_gs-columns:2;--_gs-rows:1\"><div class=\"grids-s-w_i\">\n<div class=\"grids-area\" style=\"--_ga-column:1\/2;--_ga-row:1\/2;--_ga-m-desktop:0 0 0 0;--_ga-p-desktop:0 0 0 0;--_ga-bg-desktop:transparent none;--_ga-zi-desktop:auto;--_ga-d-desktop:flex;--_ga-mw-desktop:calc(100% - 0 - 0);--_ga-m-tablet:0 0 0 0;--_ga-p-tablet:0 0 0 0;--_ga-bg-tablet:transparent none;--_ga-zi-tablet:auto;--_ga-d-tablet:flex;--_ga-mw-tablet:calc(100% - 0 - 0);--_ga-m-mobile:0 0 0 0;--_ga-p-mobile:0 0 0 0;--_ga-bg-mobile:transparent none;--_ga-zi-mobile:auto;--_ga-d-mobile:flex;--_ga-mw-mobile:calc(100% - 0 - 0)\">\n\n<div class=\"wp-block-group\"><div class=\"wp-block-group__inner-container is-layout-constrained wp-block-group-is-layout-constrained\">\n<hr class=\"wp-block-separator has-alpha-channel-opacity\"\/>\n<\/div><\/div>\n\n\n\n<h3 class=\"wp-block-heading\">\u201eWas w\u00fcrden Sie denen raten, die noch unsicher sind, ob IuD das richtige Fach f\u00fcr sie ist?\u201c<\/h3>\n\n<\/div>\n\n<div class=\"grids-area\" style=\"--_ga-column:2\/3;--_ga-row:1\/2;--_ga-m-desktop:0 0 0 0;--_ga-p-desktop:20px 20px 0 20px;--_ga-bg-desktop:#f0f4f9 none;--_ga-zi-desktop:auto;--_ga-d-desktop:flex;--_ga-mw-desktop:calc(100% - 0 - 0);--_ga-m-tablet:0 0 0 0;--_ga-p-tablet:20px 20px 0 20px;--_ga-bg-tablet:#f0f4f9 none;--_ga-zi-tablet:auto;--_ga-d-tablet:flex;--_ga-mw-tablet:calc(100% - 0 - 0);--_ga-m-mobile:0 0 0 0;--_ga-p-mobile:20px 20px 0 20px;--_ga-bg-mobile:#f0f4f9 none;--_ga-zi-mobile:auto;--_ga-d-mobile:flex;--_ga-mw-mobile:calc(100% - 0 - 0)\">\n\n<div class=\"wp-block-columns is-not-stacked-on-mobile is-layout-flex wp-container-core-columns-is-layout-9d6595d7 wp-block-columns-is-layout-flex\">\n<div class=\"wp-block-column is-layout-flow wp-block-column-is-layout-flow\">\n<figure class=\"wp-block-video video1 video-active\"><video controls src=\"https:\/\/osa.fh-potsdam.de\/video\/ec\/OSA\/FB5_Angela_7.mp4\" playsinline><\/video><figcaption class=\"wp-element-caption\"><b>Prof. Dr. Angela Schreyer<\/b><br>Professorin f\u00fcr Content-Management<\/figcaption><\/figure>\n<\/div>\n\n\n\n<div class=\"wp-block-column is-layout-flow wp-block-column-is-layout-flow\">\n<figure class=\"wp-block-video video1 video-active\"><video controls src=\"https:\/\/osa.fh-potsdam.de\/video\/ec\/OSA\/FB5_wolfgang_7.mp4\" playsinline><\/video><figcaption class=\"wp-element-caption\"><b>Prof. Dr. Wolfgang Schulz<\/b><br>nebenberuflicher Professor f\u00fcr Records-Management<\/figcaption><\/figure>\n<\/div>\n<\/div>\n\n<\/div>\n<\/div><\/div>\n\n\n<div class=\"wp-block-buttons floating-buttons-group is-content-justification-space-between is-layout-flex wp-container-core-buttons-is-layout-3d213aab wp-block-buttons-is-layout-flex\">\n<div class=\"wp-block-button has-custom-width wp-block-button__width-50\"><a class=\"wp-block-button__link has-white-color has-text-color has-background has-link-color has-text-align-center wp-element-button\" href=\"https:\/\/osa.fh-potsdam.de\/informations-u-datenmanagement\/mein-fazit\/\" style=\"background-color:#192841\">Zur\u00fcck<\/a><\/div>\n\n\n\n<div class=\"wp-block-button has-custom-width wp-block-button__width-50 floating-button\"><a class=\"wp-block-button__link has-white-color has-text-color has-background has-link-color has-text-align-center wp-element-button\" href=\"https:\/\/osa.fh-potsdam.de\/informations-u-datenmanagement\/mein-fazit\/feedback-osa\/\" style=\"background-color:#e41729\">Weiter<\/a><\/div>\n<\/div>\n","protected":false},"excerpt":{"rendered":"<p>IuD an der FHP studieren?<\/p>\n","protected":false},"author":1,"featured_media":0,"parent":563,"menu_order":0,"comment_status":"closed","ping_status":"closed","template":"","meta":{"powered_cache_disable_cache":false,"footnotes":""},"class_list":["post-784","page","type-page","status-publish","hentry"],"yoast_head":"<!-- This site is optimized with the Yoast SEO plugin v27.5 - https:\/\/yoast.com\/product\/yoast-seo-wordpress\/ -->\n<title>IuD studieren? - OSA Informations- und Datenmanagement der FH Potsdam<\/title>\n<meta name=\"robots\" content=\"index, follow, max-snippet:-1, max-image-preview:large, max-video-preview:-1\" \/>\n<link rel=\"canonical\" href=\"https:\/\/osa.fh-potsdam.de\/informations-u-datenmanagement\/mein-fazit\/iud-studieren\/\" \/>\n<meta property=\"og:locale\" content=\"de_DE\" \/>\n<meta property=\"og:type\" content=\"article\" \/>\n<meta property=\"og:title\" content=\"IuD studieren? - OSA Informations- und Datenmanagement der FH Potsdam\" \/>\n<meta property=\"og:description\" content=\"IuD an der FHP studieren?\" \/>\n<meta property=\"og:url\" content=\"https:\/\/osa.fh-potsdam.de\/informations-u-datenmanagement\/mein-fazit\/iud-studieren\/\" \/>\n<meta property=\"og:site_name\" content=\"OSA Informations- und Datenmanagement der FH Potsdam\" \/>\n<meta property=\"article:modified_time\" content=\"2026-02-06T13:00:09+00:00\" \/>\n<meta name=\"twitter:card\" content=\"summary_large_image\" \/>\n<meta name=\"twitter:label1\" content=\"Gesch\u00e4tzte Lesezeit\" \/>\n\t<meta name=\"twitter:data1\" content=\"1\u00a0Minute\" \/>\n<script type=\"application\/ld+json\" class=\"yoast-schema-graph\">{\"@context\":\"https:\\\/\\\/schema.org\",\"@graph\":[{\"@type\":\"WebPage\",\"@id\":\"https:\\\/\\\/osa.fh-potsdam.de\\\/informations-u-datenmanagement\\\/mein-fazit\\\/iud-studieren\\\/\",\"url\":\"https:\\\/\\\/osa.fh-potsdam.de\\\/informations-u-datenmanagement\\\/mein-fazit\\\/iud-studieren\\\/\",\"name\":\"IuD studieren? - OSA Informations- und Datenmanagement der FH Potsdam\",\"isPartOf\":{\"@id\":\"https:\\\/\\\/osa.fh-potsdam.de\\\/informations-u-datenmanagement\\\/#website\"},\"datePublished\":\"2024-06-07T11:50:00+00:00\",\"dateModified\":\"2026-02-06T13:00:09+00:00\",\"breadcrumb\":{\"@id\":\"https:\\\/\\\/osa.fh-potsdam.de\\\/informations-u-datenmanagement\\\/mein-fazit\\\/iud-studieren\\\/#breadcrumb\"},\"inLanguage\":\"de\",\"potentialAction\":[{\"@type\":\"ReadAction\",\"target\":[\"https:\\\/\\\/osa.fh-potsdam.de\\\/informations-u-datenmanagement\\\/mein-fazit\\\/iud-studieren\\\/\"]}]},{\"@type\":\"BreadcrumbList\",\"@id\":\"https:\\\/\\\/osa.fh-potsdam.de\\\/informations-u-datenmanagement\\\/mein-fazit\\\/iud-studieren\\\/#breadcrumb\",\"itemListElement\":[{\"@type\":\"ListItem\",\"position\":1,\"name\":\"Startseite\",\"item\":\"https:\\\/\\\/osa.fh-potsdam.de\\\/informations-u-datenmanagement\\\/\"},{\"@type\":\"ListItem\",\"position\":2,\"name\":\"Mein Fazit\",\"item\":\"https:\\\/\\\/osa.fh-potsdam.de\\\/informations-u-datenmanagement\\\/mein-fazit\\\/\"},{\"@type\":\"ListItem\",\"position\":3,\"name\":\"IuD studieren?\"}]},{\"@type\":\"WebSite\",\"@id\":\"https:\\\/\\\/osa.fh-potsdam.de\\\/informations-u-datenmanagement\\\/#website\",\"url\":\"https:\\\/\\\/osa.fh-potsdam.de\\\/informations-u-datenmanagement\\\/\",\"name\":\"OSA Informations- & Datenmanagement\",\"description\":\"Studienwahl-Assistent f\u00fcr den Studiengang Informations- und Datenmanagement\",\"publisher\":{\"@id\":\"https:\\\/\\\/osa.fh-potsdam.de\\\/informations-u-datenmanagement\\\/#organization\"},\"potentialAction\":[{\"@type\":\"SearchAction\",\"target\":{\"@type\":\"EntryPoint\",\"urlTemplate\":\"https:\\\/\\\/osa.fh-potsdam.de\\\/informations-u-datenmanagement\\\/?s={search_term_string}\"},\"query-input\":{\"@type\":\"PropertyValueSpecification\",\"valueRequired\":true,\"valueName\":\"search_term_string\"}}],\"inLanguage\":\"de\"},{\"@type\":\"Organization\",\"@id\":\"https:\\\/\\\/osa.fh-potsdam.de\\\/informations-u-datenmanagement\\\/#organization\",\"name\":\"OSA Informations- & Datenmanagement\",\"url\":\"https:\\\/\\\/osa.fh-potsdam.de\\\/informations-u-datenmanagement\\\/\",\"logo\":{\"@type\":\"ImageObject\",\"inLanguage\":\"de\",\"@id\":\"https:\\\/\\\/osa.fh-potsdam.de\\\/informations-u-datenmanagement\\\/#\\\/schema\\\/logo\\\/image\\\/\",\"url\":\"\",\"contentUrl\":\"\",\"caption\":\"OSA Informations- & Datenmanagement\"},\"image\":{\"@id\":\"https:\\\/\\\/osa.fh-potsdam.de\\\/informations-u-datenmanagement\\\/#\\\/schema\\\/logo\\\/image\\\/\"}}]}<\/script>\n<!-- \/ Yoast SEO plugin. -->","yoast_head_json":{"title":"IuD studieren? - OSA Informations- und Datenmanagement der FH Potsdam","robots":{"index":"index","follow":"follow","max-snippet":"max-snippet:-1","max-image-preview":"max-image-preview:large","max-video-preview":"max-video-preview:-1"},"canonical":"https:\/\/osa.fh-potsdam.de\/informations-u-datenmanagement\/mein-fazit\/iud-studieren\/","og_locale":"de_DE","og_type":"article","og_title":"IuD studieren? - OSA Informations- und Datenmanagement der FH Potsdam","og_description":"IuD an der FHP studieren?","og_url":"https:\/\/osa.fh-potsdam.de\/informations-u-datenmanagement\/mein-fazit\/iud-studieren\/","og_site_name":"OSA Informations- und Datenmanagement der FH Potsdam","article_modified_time":"2026-02-06T13:00:09+00:00","twitter_card":"summary_large_image","twitter_misc":{"Gesch\u00e4tzte Lesezeit":"1\u00a0Minute"},"schema":{"@context":"https:\/\/schema.org","@graph":[{"@type":"WebPage","@id":"https:\/\/osa.fh-potsdam.de\/informations-u-datenmanagement\/mein-fazit\/iud-studieren\/","url":"https:\/\/osa.fh-potsdam.de\/informations-u-datenmanagement\/mein-fazit\/iud-studieren\/","name":"IuD studieren? - OSA Informations- und Datenmanagement der FH Potsdam","isPartOf":{"@id":"https:\/\/osa.fh-potsdam.de\/informations-u-datenmanagement\/#website"},"datePublished":"2024-06-07T11:50:00+00:00","dateModified":"2026-02-06T13:00:09+00:00","breadcrumb":{"@id":"https:\/\/osa.fh-potsdam.de\/informations-u-datenmanagement\/mein-fazit\/iud-studieren\/#breadcrumb"},"inLanguage":"de","potentialAction":[{"@type":"ReadAction","target":["https:\/\/osa.fh-potsdam.de\/informations-u-datenmanagement\/mein-fazit\/iud-studieren\/"]}]},{"@type":"BreadcrumbList","@id":"https:\/\/osa.fh-potsdam.de\/informations-u-datenmanagement\/mein-fazit\/iud-studieren\/#breadcrumb","itemListElement":[{"@type":"ListItem","position":1,"name":"Startseite","item":"https:\/\/osa.fh-potsdam.de\/informations-u-datenmanagement\/"},{"@type":"ListItem","position":2,"name":"Mein Fazit","item":"https:\/\/osa.fh-potsdam.de\/informations-u-datenmanagement\/mein-fazit\/"},{"@type":"ListItem","position":3,"name":"IuD studieren?"}]},{"@type":"WebSite","@id":"https:\/\/osa.fh-potsdam.de\/informations-u-datenmanagement\/#website","url":"https:\/\/osa.fh-potsdam.de\/informations-u-datenmanagement\/","name":"OSA Informations- & Datenmanagement","description":"Studienwahl-Assistent f\u00fcr den Studiengang Informations- und Datenmanagement","publisher":{"@id":"https:\/\/osa.fh-potsdam.de\/informations-u-datenmanagement\/#organization"},"potentialAction":[{"@type":"SearchAction","target":{"@type":"EntryPoint","urlTemplate":"https:\/\/osa.fh-potsdam.de\/informations-u-datenmanagement\/?s={search_term_string}"},"query-input":{"@type":"PropertyValueSpecification","valueRequired":true,"valueName":"search_term_string"}}],"inLanguage":"de"},{"@type":"Organization","@id":"https:\/\/osa.fh-potsdam.de\/informations-u-datenmanagement\/#organization","name":"OSA Informations- & Datenmanagement","url":"https:\/\/osa.fh-potsdam.de\/informations-u-datenmanagement\/","logo":{"@type":"ImageObject","inLanguage":"de","@id":"https:\/\/osa.fh-potsdam.de\/informations-u-datenmanagement\/#\/schema\/logo\/image\/","url":"","contentUrl":"","caption":"OSA Informations- & Datenmanagement"},"image":{"@id":"https:\/\/osa.fh-potsdam.de\/informations-u-datenmanagement\/#\/schema\/logo\/image\/"}}]}},"_links":{"self":[{"href":"https:\/\/osa.fh-potsdam.de\/informations-u-datenmanagement\/wp-json\/wp\/v2\/pages\/784","targetHints":{"allow":["GET"]}}],"collection":[{"href":"https:\/\/osa.fh-potsdam.de\/informations-u-datenmanagement\/wp-json\/wp\/v2\/pages"}],"about":[{"href":"https:\/\/osa.fh-potsdam.de\/informations-u-datenmanagement\/wp-json\/wp\/v2\/types\/page"}],"author":[{"embeddable":true,"href":"https:\/\/osa.fh-potsdam.de\/informations-u-datenmanagement\/wp-json\/wp\/v2\/users\/1"}],"replies":[{"embeddable":true,"href":"https:\/\/osa.fh-potsdam.de\/informations-u-datenmanagement\/wp-json\/wp\/v2\/comments?post=784"}],"version-history":[{"count":16,"href":"https:\/\/osa.fh-potsdam.de\/informations-u-datenmanagement\/wp-json\/wp\/v2\/pages\/784\/revisions"}],"predecessor-version":[{"id":1733,"href":"https:\/\/osa.fh-potsdam.de\/informations-u-datenmanagement\/wp-json\/wp\/v2\/pages\/784\/revisions\/1733"}],"up":[{"embeddable":true,"href":"https:\/\/osa.fh-potsdam.de\/informations-u-datenmanagement\/wp-json\/wp\/v2\/pages\/563"}],"wp:attachment":[{"href":"https:\/\/osa.fh-potsdam.de\/informations-u-datenmanagement\/wp-json\/wp\/v2\/media?parent=784"}],"curies":[{"name":"wp","href":"https:\/\/api.w.org\/{rel}","templated":true}]}}