{"id":723,"date":"2024-06-06T13:26:46","date_gmt":"2024-06-06T11:26:46","guid":{"rendered":"https:\/\/osa.fh-potsdam.de\/archiv\/?page_id=723"},"modified":"2025-07-25T11:19:35","modified_gmt":"2025-07-25T09:19:35","slug":"palaeographie","status":"publish","type":"page","link":"https:\/\/osa.fh-potsdam.de\/archiv\/aufgaben\/palaeographie\/","title":{"rendered":"Pal\u00e4ographie"},"content":{"rendered":"\n<h2 class=\"wp-block-heading\"><strong>Pal\u00e4ographie: Benutzung von Archivalien<\/strong><\/h2>\n\n\n\n<h3 class=\"wp-block-heading\">\u201eDas kann ich nicht lesen!\u201c<\/h3>\n\n\n<div  class=\"grids-section grids-is-stretch\" style=\"--_gs-gap-desktop:40px 60px;--_gs-m-desktop:40px 0 40px 0;--_gs-p-desktop:0 0 0 0;--_gs-bg-desktop:transparent none;--_gs-bg-xp-desktop:0px;--_gs-zi-desktop:auto;--_gs-d-desktop:block;--_gs-mw-desktop:calc(100% - 0 - 0);--_gs-gap-tablet:40px 60px;--_gs-m-tablet:40px 0 40px 0;--_gs-p-tablet:0 0 0 0;--_gs-bg-tablet:transparent none;--_gs-bg-xp-tablet:0px;--_gs-zi-tablet:auto;--_gs-d-tablet:block;--_gs-mw-tablet:calc(100% - 0 - 0);--_gs-gap-mobile:40px 60px;--_gs-m-mobile:40px 0 40px 0;--_gs-p-mobile:0 0 0 0;--_gs-bg-mobile:transparent none;--_gs-bg-xp-mobile:0px;--_gs-zi-mobile:auto;--_gs-d-mobile:block;--_gs-mw-mobile:calc(100% - 0 - 0);--_gs-columns:3;--_gs-rows:1\"><div class=\"grids-s-w_i\">\n<div class=\"grids-area\" style=\"--_ga-column:1\/2;--_ga-row:1\/2;--_ga-m-desktop:0 0 0 0;--_ga-p-desktop:0 0 0 0;--_ga-bg-desktop:transparent none;--_ga-zi-desktop:auto;--_ga-d-desktop:flex;--_ga-mw-desktop:calc(100% - 0 - 0);--_ga-m-tablet:0 0 0 0;--_ga-p-tablet:0 0 0 0;--_ga-bg-tablet:transparent none;--_ga-zi-tablet:auto;--_ga-d-tablet:flex;--_ga-mw-tablet:calc(100% - 0 - 0);--_ga-m-mobile:0 0 0 0;--_ga-p-mobile:0 0 0 0;--_ga-bg-mobile:transparent none;--_ga-zi-mobile:auto;--_ga-d-mobile:flex;--_ga-mw-mobile:calc(100% - 0 - 0)\">\n\n<p>Die Benutzung von Archivalien aus den vergangenen Jahr\u00adhunderten setzt entsprechende <strong>Lese\u00adkompetenzen in den alten Schriften<\/strong> voraus. Was zun\u00e4chst als un\u00adentschl\u00fcsselbare Hieroglyphen erscheint, wird schnell zur Routine\u00adlekt\u00fcre. Denn mit Ausdauer und Ehrgeiz lassen sich auch die schwierigsten Hand\u00adschriften ent\u00adziffern. Pal\u00e4ographie ist keine Geheim\u00adwissenschaft \u2013 ganz im Gegenteil: Sie macht Spa\u00df!<\/p>\n\n\n\n<p>Versuchen Sie einmal durch einen <strong>Buchstaben\u00advergleich<\/strong> die folgenden Sinn\u00adspr\u00fcche, Lied- und M\u00e4rchenanf\u00e4nge zu ent\u00adziffern und zu er\u00adg\u00e4nzen. Sie k\u00f6nnen dazu das Alphabet der 1911 von <em>Ludwig S\u00fctterlin<\/em> ent\u00adwickelten, ver\u00adbindlichen Schrift f\u00fcr Grund\u00adschulen ver\u00adwenden. Im Jahr 1941 wurde diese von der mit einigen \u00c4nderungen bis heute g\u00fcltigen \u201eDeutschen Normalschrift\u201c ab\u00adge\u00adl\u00f6st.<\/p>\n\n<\/div>\n\n<div class=\"grids-area\" style=\"--_ga-column:2\/3;--_ga-row:1\/2;--_ga-m-desktop:0 0 0 0;--_ga-p-desktop:0 0 0 0;--_ga-bg-desktop:transparent none;--_ga-zi-desktop:auto;--_ga-d-desktop:flex;--_ga-mw-desktop:calc(100% - 0 - 0);--_ga-m-tablet:0 0 0 0;--_ga-p-tablet:0 0 0 0;--_ga-bg-tablet:transparent none;--_ga-zi-tablet:auto;--_ga-d-tablet:flex;--_ga-mw-tablet:calc(100% - 0 - 0);--_ga-m-mobile:0 0 0 0;--_ga-p-mobile:0 0 0 0;--_ga-bg-mobile:transparent none;--_ga-zi-mobile:auto;--_ga-d-mobile:flex;--_ga-mw-mobile:calc(100% - 0 - 0)\">\n<div class=\"wp-block-image\">\n<figure class=\"aligncenter size-large\"><img loading=\"lazy\" decoding=\"async\" width=\"625\" height=\"1024\" src=\"https:\/\/osa.fh-potsdam.de\/archiv\/wp-content\/uploads\/sites\/9\/2024\/07\/benutzung-von-archivalien-625x1024.webp\" alt=\"\" class=\"wp-image-1319\" srcset=\"https:\/\/osa.fh-potsdam.de\/archiv\/wp-content\/uploads\/sites\/9\/2024\/07\/benutzung-von-archivalien-625x1024.webp 625w, https:\/\/osa.fh-potsdam.de\/archiv\/wp-content\/uploads\/sites\/9\/2024\/07\/benutzung-von-archivalien-183x300.webp 183w, https:\/\/osa.fh-potsdam.de\/archiv\/wp-content\/uploads\/sites\/9\/2024\/07\/benutzung-von-archivalien-768x1259.webp 768w, https:\/\/osa.fh-potsdam.de\/archiv\/wp-content\/uploads\/sites\/9\/2024\/07\/benutzung-von-archivalien-937x1536.webp 937w, https:\/\/osa.fh-potsdam.de\/archiv\/wp-content\/uploads\/sites\/9\/2024\/07\/benutzung-von-archivalien.webp 964w\" sizes=\"auto, (max-width: 625px) 100vw, 625px\" \/><\/figure>\n<\/div>\n<\/div>\n\n<div class=\"grids-area\" style=\"--_ga-column:3\/4;--_ga-row:1\/2;--_ga-m-desktop:0 0 0 0;--_ga-p-desktop:0 0 0 0;--_ga-bg-desktop:transparent none;--_ga-zi-desktop:auto;--_ga-d-desktop:flex;--_ga-mw-desktop:calc(100% - 0 - 0);--_ga-m-tablet:0 0 0 0;--_ga-p-tablet:0 0 0 0;--_ga-bg-tablet:transparent none;--_ga-zi-tablet:auto;--_ga-d-tablet:flex;--_ga-mw-tablet:calc(100% - 0 - 0);--_ga-m-mobile:0 0 0 0;--_ga-p-mobile:0 0 0 0;--_ga-bg-mobile:transparent none;--_ga-zi-mobile:auto;--_ga-d-mobile:flex;--_ga-mw-mobile:calc(100% - 0 - 0)\">\n\n<div class=\"wp-block-group\"><div class=\"wp-block-group__inner-container is-layout-constrained wp-block-group-is-layout-constrained\">\n<hr class=\"wp-block-separator has-alpha-channel-opacity\"\/>\n<\/div><\/div>\n\n\n\n<script type=\"text\/javascript\" >\ndocument.addEventListener(\"DOMContentLoaded\", function(event) { \nif(!window.jQuery) alert(\"The important jQuery library is not properly loaded in your site. Your WordPress theme is probably missing the essential wp_head() call. You can switch to another theme and you will see that the plugin works fine and this notice disappears. If you are still not sure what to do you can contact us for help.\");\n});\n<\/script>  \n  \n<div  id=\"watupro_quiz\" class=\"quiz-area \">\n<p id=\"submittingExam4\" style=\"display:none;text-align:center;\"><img loading=\"lazy\" decoding=\"async\" src=\"https:\/\/osa.fh-potsdam.de\/archiv\/wp-content\/plugins\/watupro\/img\/loading.gif\" width=\"16\" height=\"16\"><\/p>\n\n<div class=\"watupro-exam-description\" id=\"description-quiz-4\"><p>Versuchen Sie nun bitte die drei folgenden Beispiele zu entziffern und zu transkribieren:<\/p>\n<\/div>\n\n<form action=\"\" method=\"post\" class=\"quiz-form\" id=\"quiz-4\"  enctype=\"multipart\/form-data\" >\n<div class='watu-question ' id='question-1' style='display:block;;'><div id='questionWrap-1'  class='   watupro-question-id-36'>\n\t\t\t<div class='question-content'><div><p><strong>Beispiel 1<\/strong><\/p><p><img decoding=\"async\" src=\"\/archiv\/wp-content\/uploads\/sites\/9\/2024\/07\/beispiel-1.webp\" alt=\"S\u00fctterlin-Spruch 1\" width=\"100%\" \/><\/p><p>Quelle: <em>Das S\u00fctterlin-Lesespiel<\/em> (2004), von Annette Mandelartz<\/p><\/div><input type='hidden' name='question_id[]' id='qID_1' value='36' class='watupro-question-id'\/><input type='hidden' id='answerType36' class='answerTypeCnt1' value='textarea'><!-- end question-content--><\/div><div class='question-choices ' id='questionChoices36'><p  class=''><textarea name='answer-36[]' id='textarea_q_36' class='watupro-textarea-medium' rows='5' cols='80'><\/textarea>\n<\/p><!-- end question-choices--><\/div><!-- end questionWrap--><\/div><\/div><div class='watu-question ' id='question-2' style=';'><div id='questionWrap-2'  class='   watupro-question-id-69'>\n\t\t\t<div class='question-content'><div><p><strong>Beispiel 2<\/strong><\/p><p><img decoding=\"async\" src=\"\/archiv\/wp-content\/uploads\/sites\/9\/2024\/07\/beispiel-2.webp\" alt=\"S\u00fctterlin-Spruch 2\" width=\"100%\" \/><\/p><p>Quelle: <em>Das S\u00fctterlin-Lesespiel<\/em> (2004), von Annette Mandelartz<\/p><\/div><input type='hidden' name='question_id[]' id='qID_2' value='69' class='watupro-question-id'\/><input type='hidden' id='answerType69' class='answerTypeCnt2' value='textarea'><!-- end question-content--><\/div><div class='question-choices ' id='questionChoices69'><p  class=''><textarea name='answer-69[]' id='textarea_q_69' class='watupro-textarea-medium' rows='5' cols='80'><\/textarea>\n<\/p><!-- end question-choices--><\/div><!-- end questionWrap--><\/div><\/div><div class='watu-question ' id='question-3' style=';'><div id='questionWrap-3'  class='   watupro-question-id-70'>\n\t\t\t<div class='question-content'><div><p><strong>Beispiel 3<\/strong><\/p><p><img decoding=\"async\" src=\"\/archiv\/wp-content\/uploads\/sites\/9\/2024\/07\/beispiel-3.webp\" alt=\"S\u00fctterlin-Spruch 3\" width=\"100%\" \/><\/p><p>Quelle: <em>Das S\u00fctterlin-Lesespiel<\/em> (2004), von Annette Mandelartz<\/p><\/div><input type='hidden' name='question_id[]' id='qID_3' value='70' class='watupro-question-id'\/><input type='hidden' id='answerType70' class='answerTypeCnt3' value='textarea'><!-- end question-content--><\/div><div class='question-choices ' id='questionChoices70'><p  class=''><textarea name='answer-70[]' id='textarea_q_70' class='watupro-textarea-medium' rows='5' cols='80'><\/textarea>\n<\/p><!-- end question-choices--><\/div><!-- end questionWrap--><\/div><\/div><div style='display:none' id='question-4'>\n\t<div class='question-content'>\n\t\t<img loading=\"lazy\" decoding=\"async\" src=\"https:\/\/osa.fh-potsdam.de\/archiv\/wp-content\/plugins\/watupro\/img\/loading.gif\" width=\"16\" height=\"16\" alt=\"Loading...\" title=\"Loading...\" \/>&nbsp;Loading...\t<\/div>\n<\/div>\n\n<br \/>\n\t\n\t\t\t<div class=\"watupro_buttons flex \" id=\"watuPROButtons4\" >\n\t\t  <div id=\"prev-question\" style=\"display:none;\"><input type=\"button\" value=\"&lt; Zur\u00fcck\" onclick=\"WatuPRO.nextQuestion(event, 'previous');\"\/><\/div>\t\t  <div id=\"next-question\"><input type=\"button\" value=\"Weiter &gt;\" onclick=\"WatuPRO.nextQuestion(event);\" \/><\/div>\t\t  \t\t   \n\t\t   \t  \t\t<div><input type=\"button\" name=\"action\" class=\"watupro-submit-button\" onclick=\"WatuPRO.submitResult(event)\" id=\"action-button\" value=\"Antwort pr\u00fcfen\" style='display:none;' \/>\n\t\t<\/div>\n\t\t<\/div>\n\t\t\n\t<input type=\"hidden\" name=\"quiz_id\" value=\"4\" id=\"watuPROExamID\"\/>\n\t<input type=\"hidden\" name=\"start_time\" id=\"startTime\" value=\"2026-05-06 10:22:58\" \/>\n\t<input type=\"hidden\" name=\"start_timestamp\" id=\"startTimeStamp\" value=\"1778062978\" \/>\n\t<input type=\"hidden\" name=\"question_ids\" value=\"\" \/>\n\t<input type=\"hidden\" name=\"watupro_questions\" value=\"36:125,243 | 69:240,244 | 70:241,242\" \/>\n\t<input type=\"hidden\" name=\"no_ajax\" value=\"0\">\t\t\t<\/form>\n\t<p>&nbsp;<\/p>\n<\/div>\n\n<script type=\"text\/javascript\">\n\/\/jQuery(document).ready(function(){\ndocument.addEventListener(\"DOMContentLoaded\", function(event) { \t\nvar question_ids = \"36,69,70\";\nWatuPROSettings[4] = {};\nWatuPRO.qArr = question_ids.split(',');\nWatuPRO.exam_id = 4;\t    \nWatuPRO.post_id = 723;\nWatuPRO.store_progress = 1;\nWatuPRO.curCatPage = 1;\nWatuPRO.requiredIDs=\"0\".split(\",\");\nWatuPRO.hAppID = \"0.83045100 1778055778\";\nvar url = \"https:\/\/osa.fh-potsdam.de\/archiv\/wp-content\/plugins\/watupro\/show_exam.php\";\nWatuPRO.examMode = 0;\nWatuPRO.siteURL=\"https:\/\/osa.fh-potsdam.de\/archiv\/wp-admin\/admin-ajax.php\";\nWatuPRO.emailIsNotRequired = 0;\nWatuPRO.perDecade = 10;\nWatuPROIntel.init(4);\n});    \t \n<\/script>\n\n\n<\/div>\n<\/div><\/div>\n\n\n<div class=\"wp-block-buttons floating-buttons-group is-content-justification-space-between is-layout-flex wp-container-core-buttons-is-layout-3d213aab wp-block-buttons-is-layout-flex\">\n<div class=\"wp-block-button has-custom-width wp-block-button__width-50\"><a class=\"wp-block-button__link has-white-color has-text-color has-background has-link-color has-text-align-center wp-element-button\" href=\"https:\/\/osa.fh-potsdam.de\/archiv\/aufgaben\/\" style=\"background-color:#192841\">Zur \u00dcbersicht<\/a><\/div>\n\n\n\n<div class=\"wp-block-button has-custom-width wp-block-button__width-50\"><a class=\"wp-block-button__link has-white-color has-text-color has-background has-link-color has-text-align-center wp-element-button\" href=\"https:\/\/osa.fh-potsdam.de\/archiv\/aufgaben\/erschliessung\/\" style=\"background-color:#f29200\">N\u00e4chste Aufgabe<\/a><\/div>\n<\/div>\n","protected":false},"excerpt":{"rendered":"<p>Pal\u00e4ographie: Benutzung von Archivalien \u201eDas kann ich nicht lesen!\u201c<\/p>\n","protected":false},"author":1,"featured_media":0,"parent":244,"menu_order":1,"comment_status":"closed","ping_status":"closed","template":"","meta":{"powered_cache_disable_cache":false,"footnotes":""},"class_list":["post-723","page","type-page","status-publish","hentry"],"yoast_head":"<!-- This site is optimized with the Yoast SEO plugin v27.2 - https:\/\/yoast.com\/product\/yoast-seo-wordpress\/ -->\n<title>Pal\u00e4ographie - OSA Archiv der FH Potsdam<\/title>\n<meta name=\"robots\" content=\"index, follow, max-snippet:-1, max-image-preview:large, max-video-preview:-1\" \/>\n<link rel=\"canonical\" href=\"https:\/\/osa.fh-potsdam.de\/archiv\/aufgaben\/palaeographie\/\" \/>\n<meta property=\"og:locale\" content=\"de_DE\" \/>\n<meta property=\"og:type\" content=\"article\" \/>\n<meta property=\"og:title\" content=\"Pal\u00e4ographie - OSA Archiv der FH Potsdam\" \/>\n<meta property=\"og:description\" content=\"Pal\u00e4ographie: Benutzung von Archivalien \u201eDas kann ich nicht lesen!\u201c\" \/>\n<meta property=\"og:url\" content=\"https:\/\/osa.fh-potsdam.de\/archiv\/aufgaben\/palaeographie\/\" \/>\n<meta property=\"og:site_name\" content=\"OSA Archiv der FH Potsdam\" \/>\n<meta property=\"article:modified_time\" content=\"2025-07-25T09:19:35+00:00\" \/>\n<meta property=\"og:image\" content=\"https:\/\/osa.fh-potsdam.de\/archiv\/wp-content\/uploads\/sites\/9\/2024\/07\/benutzung-von-archivalien.webp\" \/>\n\t<meta property=\"og:image:width\" content=\"964\" \/>\n\t<meta property=\"og:image:height\" content=\"1580\" \/>\n\t<meta property=\"og:image:type\" content=\"image\/webp\" \/>\n<meta name=\"twitter:card\" content=\"summary_large_image\" \/>\n<meta name=\"twitter:label1\" content=\"Gesch\u00e4tzte Lesezeit\" \/>\n\t<meta name=\"twitter:data1\" content=\"1\u00a0Minute\" \/>\n<script type=\"application\/ld+json\" class=\"yoast-schema-graph\">{\"@context\":\"https:\/\/schema.org\",\"@graph\":[{\"@type\":\"WebPage\",\"@id\":\"https:\/\/osa.fh-potsdam.de\/archiv\/aufgaben\/palaeographie\/\",\"url\":\"https:\/\/osa.fh-potsdam.de\/archiv\/aufgaben\/palaeographie\/\",\"name\":\"Pal\u00e4ographie - OSA Archiv der FH Potsdam\",\"isPartOf\":{\"@id\":\"https:\/\/osa.fh-potsdam.de\/archiv\/#website\"},\"primaryImageOfPage\":{\"@id\":\"https:\/\/osa.fh-potsdam.de\/archiv\/aufgaben\/palaeographie\/#primaryimage\"},\"image\":{\"@id\":\"https:\/\/osa.fh-potsdam.de\/archiv\/aufgaben\/palaeographie\/#primaryimage\"},\"thumbnailUrl\":\"https:\/\/osa.fh-potsdam.de\/archiv\/wp-content\/uploads\/sites\/9\/2024\/07\/benutzung-von-archivalien-625x1024.webp\",\"datePublished\":\"2024-06-06T11:26:46+00:00\",\"dateModified\":\"2025-07-25T09:19:35+00:00\",\"breadcrumb\":{\"@id\":\"https:\/\/osa.fh-potsdam.de\/archiv\/aufgaben\/palaeographie\/#breadcrumb\"},\"inLanguage\":\"de\",\"potentialAction\":[{\"@type\":\"ReadAction\",\"target\":[\"https:\/\/osa.fh-potsdam.de\/archiv\/aufgaben\/palaeographie\/\"]}]},{\"@type\":\"ImageObject\",\"inLanguage\":\"de\",\"@id\":\"https:\/\/osa.fh-potsdam.de\/archiv\/aufgaben\/palaeographie\/#primaryimage\",\"url\":\"https:\/\/osa.fh-potsdam.de\/archiv\/wp-content\/uploads\/sites\/9\/2024\/07\/benutzung-von-archivalien.webp\",\"contentUrl\":\"https:\/\/osa.fh-potsdam.de\/archiv\/wp-content\/uploads\/sites\/9\/2024\/07\/benutzung-von-archivalien.webp\",\"width\":964,\"height\":1580},{\"@type\":\"BreadcrumbList\",\"@id\":\"https:\/\/osa.fh-potsdam.de\/archiv\/aufgaben\/palaeographie\/#breadcrumb\",\"itemListElement\":[{\"@type\":\"ListItem\",\"position\":1,\"name\":\"Startseite\",\"item\":\"https:\/\/osa.fh-potsdam.de\/archiv\/\"},{\"@type\":\"ListItem\",\"position\":2,\"name\":\"Aufgaben\",\"item\":\"https:\/\/osa.fh-potsdam.de\/archiv\/aufgaben\/\"},{\"@type\":\"ListItem\",\"position\":3,\"name\":\"Pal\u00e4ographie\"}]},{\"@type\":\"WebSite\",\"@id\":\"https:\/\/osa.fh-potsdam.de\/archiv\/#website\",\"url\":\"https:\/\/osa.fh-potsdam.de\/archiv\/\",\"name\":\"OSA Archiv der FH Potsdam\",\"description\":\"Studienwahl-Assistent f\u00fcr den Studiengang Archiv\",\"publisher\":{\"@id\":\"https:\/\/osa.fh-potsdam.de\/archiv\/#organization\"},\"potentialAction\":[{\"@type\":\"SearchAction\",\"target\":{\"@type\":\"EntryPoint\",\"urlTemplate\":\"https:\/\/osa.fh-potsdam.de\/archiv\/?s={search_term_string}\"},\"query-input\":{\"@type\":\"PropertyValueSpecification\",\"valueRequired\":true,\"valueName\":\"search_term_string\"}}],\"inLanguage\":\"de\"},{\"@type\":\"Organization\",\"@id\":\"https:\/\/osa.fh-potsdam.de\/archiv\/#organization\",\"name\":\"OSA Archiv der FH Potsdam\",\"url\":\"https:\/\/osa.fh-potsdam.de\/archiv\/\",\"logo\":{\"@type\":\"ImageObject\",\"inLanguage\":\"de\",\"@id\":\"https:\/\/osa.fh-potsdam.de\/archiv\/#\/schema\/logo\/image\/\",\"url\":\"\",\"contentUrl\":\"\",\"caption\":\"OSA Archiv der FH Potsdam\"},\"image\":{\"@id\":\"https:\/\/osa.fh-potsdam.de\/archiv\/#\/schema\/logo\/image\/\"}}]}<\/script>\n<!-- \/ Yoast SEO plugin. -->","yoast_head_json":{"title":"Pal\u00e4ographie - OSA Archiv der FH Potsdam","robots":{"index":"index","follow":"follow","max-snippet":"max-snippet:-1","max-image-preview":"max-image-preview:large","max-video-preview":"max-video-preview:-1"},"canonical":"https:\/\/osa.fh-potsdam.de\/archiv\/aufgaben\/palaeographie\/","og_locale":"de_DE","og_type":"article","og_title":"Pal\u00e4ographie - OSA Archiv der FH Potsdam","og_description":"Pal\u00e4ographie: Benutzung von Archivalien \u201eDas kann ich nicht lesen!\u201c","og_url":"https:\/\/osa.fh-potsdam.de\/archiv\/aufgaben\/palaeographie\/","og_site_name":"OSA Archiv der FH Potsdam","article_modified_time":"2025-07-25T09:19:35+00:00","og_image":[{"width":964,"height":1580,"url":"https:\/\/osa.fh-potsdam.de\/archiv\/wp-content\/uploads\/sites\/9\/2024\/07\/benutzung-von-archivalien.webp","type":"image\/webp"}],"twitter_card":"summary_large_image","twitter_misc":{"Gesch\u00e4tzte Lesezeit":"1\u00a0Minute"},"schema":{"@context":"https:\/\/schema.org","@graph":[{"@type":"WebPage","@id":"https:\/\/osa.fh-potsdam.de\/archiv\/aufgaben\/palaeographie\/","url":"https:\/\/osa.fh-potsdam.de\/archiv\/aufgaben\/palaeographie\/","name":"Pal\u00e4ographie - OSA Archiv der FH Potsdam","isPartOf":{"@id":"https:\/\/osa.fh-potsdam.de\/archiv\/#website"},"primaryImageOfPage":{"@id":"https:\/\/osa.fh-potsdam.de\/archiv\/aufgaben\/palaeographie\/#primaryimage"},"image":{"@id":"https:\/\/osa.fh-potsdam.de\/archiv\/aufgaben\/palaeographie\/#primaryimage"},"thumbnailUrl":"https:\/\/osa.fh-potsdam.de\/archiv\/wp-content\/uploads\/sites\/9\/2024\/07\/benutzung-von-archivalien-625x1024.webp","datePublished":"2024-06-06T11:26:46+00:00","dateModified":"2025-07-25T09:19:35+00:00","breadcrumb":{"@id":"https:\/\/osa.fh-potsdam.de\/archiv\/aufgaben\/palaeographie\/#breadcrumb"},"inLanguage":"de","potentialAction":[{"@type":"ReadAction","target":["https:\/\/osa.fh-potsdam.de\/archiv\/aufgaben\/palaeographie\/"]}]},{"@type":"ImageObject","inLanguage":"de","@id":"https:\/\/osa.fh-potsdam.de\/archiv\/aufgaben\/palaeographie\/#primaryimage","url":"https:\/\/osa.fh-potsdam.de\/archiv\/wp-content\/uploads\/sites\/9\/2024\/07\/benutzung-von-archivalien.webp","contentUrl":"https:\/\/osa.fh-potsdam.de\/archiv\/wp-content\/uploads\/sites\/9\/2024\/07\/benutzung-von-archivalien.webp","width":964,"height":1580},{"@type":"BreadcrumbList","@id":"https:\/\/osa.fh-potsdam.de\/archiv\/aufgaben\/palaeographie\/#breadcrumb","itemListElement":[{"@type":"ListItem","position":1,"name":"Startseite","item":"https:\/\/osa.fh-potsdam.de\/archiv\/"},{"@type":"ListItem","position":2,"name":"Aufgaben","item":"https:\/\/osa.fh-potsdam.de\/archiv\/aufgaben\/"},{"@type":"ListItem","position":3,"name":"Pal\u00e4ographie"}]},{"@type":"WebSite","@id":"https:\/\/osa.fh-potsdam.de\/archiv\/#website","url":"https:\/\/osa.fh-potsdam.de\/archiv\/","name":"OSA Archiv der FH Potsdam","description":"Studienwahl-Assistent f\u00fcr den Studiengang Archiv","publisher":{"@id":"https:\/\/osa.fh-potsdam.de\/archiv\/#organization"},"potentialAction":[{"@type":"SearchAction","target":{"@type":"EntryPoint","urlTemplate":"https:\/\/osa.fh-potsdam.de\/archiv\/?s={search_term_string}"},"query-input":{"@type":"PropertyValueSpecification","valueRequired":true,"valueName":"search_term_string"}}],"inLanguage":"de"},{"@type":"Organization","@id":"https:\/\/osa.fh-potsdam.de\/archiv\/#organization","name":"OSA Archiv der FH Potsdam","url":"https:\/\/osa.fh-potsdam.de\/archiv\/","logo":{"@type":"ImageObject","inLanguage":"de","@id":"https:\/\/osa.fh-potsdam.de\/archiv\/#\/schema\/logo\/image\/","url":"","contentUrl":"","caption":"OSA Archiv der FH Potsdam"},"image":{"@id":"https:\/\/osa.fh-potsdam.de\/archiv\/#\/schema\/logo\/image\/"}}]}},"_links":{"self":[{"href":"https:\/\/osa.fh-potsdam.de\/archiv\/wp-json\/wp\/v2\/pages\/723","targetHints":{"allow":["GET"]}}],"collection":[{"href":"https:\/\/osa.fh-potsdam.de\/archiv\/wp-json\/wp\/v2\/pages"}],"about":[{"href":"https:\/\/osa.fh-potsdam.de\/archiv\/wp-json\/wp\/v2\/types\/page"}],"author":[{"embeddable":true,"href":"https:\/\/osa.fh-potsdam.de\/archiv\/wp-json\/wp\/v2\/users\/1"}],"replies":[{"embeddable":true,"href":"https:\/\/osa.fh-potsdam.de\/archiv\/wp-json\/wp\/v2\/comments?post=723"}],"version-history":[{"count":23,"href":"https:\/\/osa.fh-potsdam.de\/archiv\/wp-json\/wp\/v2\/pages\/723\/revisions"}],"predecessor-version":[{"id":2468,"href":"https:\/\/osa.fh-potsdam.de\/archiv\/wp-json\/wp\/v2\/pages\/723\/revisions\/2468"}],"up":[{"embeddable":true,"href":"https:\/\/osa.fh-potsdam.de\/archiv\/wp-json\/wp\/v2\/pages\/244"}],"wp:attachment":[{"href":"https:\/\/osa.fh-potsdam.de\/archiv\/wp-json\/wp\/v2\/media?parent=723"}],"curies":[{"name":"wp","href":"https:\/\/api.w.org\/{rel}","templated":true}]}}