{"id":628,"date":"2024-06-04T23:13:56","date_gmt":"2024-06-04T21:13:56","guid":{"rendered":"https:\/\/osa.fh-potsdam.de\/archiv\/?page_id=628"},"modified":"2025-07-25T11:17:37","modified_gmt":"2025-07-25T09:17:37","slug":"querschnittsthemen","status":"publish","type":"page","link":"https:\/\/osa.fh-potsdam.de\/archiv\/studium\/studienbereiche\/querschnittsthemen\/","title":{"rendered":"Querschnittsthemen"},"content":{"rendered":"\n<h2 class=\"wp-block-heading\"><strong>Querschnittsthemen: Geschichte,&nbsp;Recht,&nbsp;Management<\/strong><\/h2>\n\n\n\n<div style=\"height:20px\" aria-hidden=\"true\" class=\"wp-block-spacer\"><\/div>\n\n\n\n<p class=\"has-background\" style=\"background-color:#f0f4f9\">Ein Studium im Fach Archiv bedeutet, dass man sich als Dienstleisterin oder Dienstleister mit den gesellschaftlichen Rahmen\u00adbedingungen \u2013 <strong>Geschichte, Recht und Manage\u00adment<\/strong> \u2013 gut aus\u00adkennt.<\/p>\n\n\n<div  class=\"grids-section grids-is-advanced\" style=\"--_gs-gap-desktop:20px 60px;--_gs-m-desktop:40px 0 40px 0;--_gs-p-desktop:0 0 0 0;--_gs-bg-desktop:transparent none;--_gs-bg-xp-desktop:0px;--_gs-zi-desktop:auto;--_gs-d-desktop:block;--_gs-mw-desktop:calc(100% - 0 - 0);--_gs-gap-tablet:20px 60px;--_gs-m-tablet:40px 0 40px 0;--_gs-p-tablet:0 0 0 0;--_gs-bg-tablet:transparent none;--_gs-bg-xp-tablet:0px;--_gs-zi-tablet:auto;--_gs-d-tablet:block;--_gs-mw-tablet:calc(100% - 0 - 0);--_gs-gap-mobile:20px 60px;--_gs-m-mobile:40px 0 40px 0;--_gs-p-mobile:0 0 0 0;--_gs-bg-mobile:transparent none;--_gs-bg-xp-mobile:0px;--_gs-zi-mobile:auto;--_gs-d-mobile:block;--_gs-mw-mobile:calc(100% - 0 - 0);--_gs-columns:12;--_gs-rows:6\"><div class=\"grids-s-w_i\">\n<div class=\"grids-area\" style=\"--_ga-column:9\/13;--_ga-row:1\/7;--_ga-va:center;--_ga-m-desktop:0 0 0 0;--_ga-p-desktop:0 0 0 0;--_ga-bg-desktop:transparent none;--_ga-zi-desktop:auto;--_ga-d-desktop:flex;--_ga-mw-desktop:calc(100% - 0 - 0);--_ga-m-tablet:0 0 0 0;--_ga-p-tablet:0 0 0 0;--_ga-bg-tablet:transparent none;--_ga-zi-tablet:auto;--_ga-d-tablet:flex;--_ga-mw-tablet:calc(100% - 0 - 0);--_ga-m-mobile:0 0 0 0;--_ga-p-mobile:0 0 0 0;--_ga-bg-mobile:transparent none;--_ga-zi-mobile:auto;--_ga-d-mobile:flex;--_ga-mw-mobile:calc(100% - 0 - 0)\">\n<div class=\"wp-block-image\">\n<figure class=\"aligncenter size-large\"><img loading=\"lazy\" decoding=\"async\" width=\"1024\" height=\"749\" src=\"https:\/\/osa.fh-potsdam.de\/archiv\/wp-content\/uploads\/sites\/9\/2024\/06\/2_5_Querschnittsthemen-1024x749.webp\" alt=\"\" class=\"wp-image-1135\" style=\"aspect-ratio:4\/3;object-fit:contain\" srcset=\"https:\/\/osa.fh-potsdam.de\/archiv\/wp-content\/uploads\/sites\/9\/2024\/06\/2_5_Querschnittsthemen-1024x749.webp 1024w, https:\/\/osa.fh-potsdam.de\/archiv\/wp-content\/uploads\/sites\/9\/2024\/06\/2_5_Querschnittsthemen-300x219.webp 300w, https:\/\/osa.fh-potsdam.de\/archiv\/wp-content\/uploads\/sites\/9\/2024\/06\/2_5_Querschnittsthemen-768x562.webp 768w, https:\/\/osa.fh-potsdam.de\/archiv\/wp-content\/uploads\/sites\/9\/2024\/06\/2_5_Querschnittsthemen-1536x1123.webp 1536w, https:\/\/osa.fh-potsdam.de\/archiv\/wp-content\/uploads\/sites\/9\/2024\/06\/2_5_Querschnittsthemen-2048x1498.webp 2048w\" sizes=\"auto, (max-width: 1024px) 100vw, 1024px\" \/><\/figure>\n<\/div>\n<\/div>\n\n<div class=\"grids-area\" style=\"--_ga-column:1\/9;--_ga-row:1\/7;--_ga-m-desktop:0 0 0 0;--_ga-p-desktop:0 0 0 0;--_ga-bg-desktop:transparent none;--_ga-zi-desktop:auto;--_ga-d-desktop:flex;--_ga-mw-desktop:calc(100% - 0 - 0);--_ga-m-tablet:0 0 0 0;--_ga-p-tablet:0 0 0 0;--_ga-bg-tablet:transparent none;--_ga-zi-tablet:auto;--_ga-d-tablet:flex;--_ga-mw-tablet:calc(100% - 0 - 0);--_ga-m-mobile:0 0 0 0;--_ga-p-mobile:0 0 0 0;--_ga-bg-mobile:transparent none;--_ga-zi-mobile:auto;--_ga-d-mobile:flex;--_ga-mw-mobile:calc(100% - 0 - 0)\">\n\n<p>Archive sind komplexe Ein\u00adrichtungen, die sich in ihrem sozialen Umfeld behaupten m\u00fcssen. Sie bewegen sich inner\u00adhalb gesell\u00adschaft\u00adlicher und recht\u00adlicher Normen, und ihre \u00dcber\u00adlieferungen sind nur ver\u00adst\u00e4ndlich, falls der geschicht\u00adliche Kon\u00adtext der in ihnen ver\u00adwahrten Unter\u00adlagen und Infor\u00adma\u00adtionen hochwertig dokumentiert wurde. <\/p>\n\n\n\n<p>Als Archiva\u00adrinnen und Archi\u00advare lernen Sie im Studium dazu die wesent\u00adlichen Methoden des histo\u00adrischen Forschens kennen.&nbsp;Zudem setzen Sie sich mit recht\u00adlichen Ent\u00adwick\u00adlungen aus\u00adeinander, vor allem mit Ver\u00ad\u00e4nderungen und dem Ein\u00adfluss des <strong>Urheber\u00adrechts<\/strong> auf die Gesell\u00adschaft. Sie verstehen das Spannungs\u00adverh\u00e4ltnis zwischen dem Schutz der Rechte einzelner Personen und dem Interesse der All\u00adgemein\u00adheit, und ver\u00adfolgen die Ent\u00adwicklung des Infor\u00admations\u00adrechts im digi\u00adtalen Zeit\u00adalter.<\/p>\n\n\n\n<p>Sie werden dazu be\u00adf\u00e4higt, kleinere Archive zu leiten, und erwerben f\u00fcr die zeitgem\u00e4\u00dfe Archiv\u00adarbeit <strong>Grund\u00adkennt\u00adnisse in der Betriebs\u00adwirtschaft, in der Planung und Durch\u00adf\u00fchrung von Pro\u00adjekten, in Stra\u00adtegien und Instru\u00admenten des Marketings sowie in Methoden der \u00d6ffent\u00adlich\u00adkeits\u00adarbeit.<\/strong><\/p>\n\n<\/div>\n<\/div><\/div>\n\n\n<div class=\"wp-block-buttons floating-buttons-group is-content-justification-space-between is-layout-flex wp-container-core-buttons-is-layout-3d213aab wp-block-buttons-is-layout-flex\">\n<div class=\"wp-block-button has-custom-width wp-block-button__width-50\"><a class=\"wp-block-button__link has-white-color has-text-color has-background has-link-color has-text-align-center wp-element-button\" href=\"https:\/\/osa.fh-potsdam.de\/archiv\/studium\/studienbereiche\/\" style=\"background-color:#192841\">Zur \u00dcbersicht<\/a><\/div>\n\n\n\n<div class=\"wp-block-button has-custom-width wp-block-button__width-50\"><a class=\"wp-block-button__link has-white-color has-text-color has-background has-link-color has-text-align-center wp-element-button\" href=\"https:\/\/osa.fh-potsdam.de\/archiv\/studium\/studienbereiche\/wahlpflicht-und-spezialisierung\/\" style=\"background-color:#f29200\">N\u00e4chster Bereich<\/a><\/div>\n<\/div>\n","protected":false},"excerpt":{"rendered":"<p>Querschnittsthemen: Geschichte,&nbsp;Recht,&nbsp;Management Ein Studium im Fach Archiv bedeutet, dass man sich als Dienstleisterin oder Dienstleister mit den gesellschaftlichen Rahmen\u00adbedingungen \u2013 Geschichte, Recht und Manage\u00adment \u2013 gut aus\u00adkennt.<\/p>\n","protected":false},"author":1,"featured_media":0,"parent":607,"menu_order":4,"comment_status":"closed","ping_status":"closed","template":"","meta":{"powered_cache_disable_cache":false,"footnotes":""},"class_list":["post-628","page","type-page","status-publish","hentry"],"yoast_head":"<!-- This site is optimized with the Yoast SEO plugin v27.2 - https:\/\/yoast.com\/product\/yoast-seo-wordpress\/ -->\n<title>Querschnittsthemen - OSA Archiv der FH Potsdam<\/title>\n<meta name=\"robots\" content=\"index, follow, max-snippet:-1, max-image-preview:large, max-video-preview:-1\" \/>\n<link rel=\"canonical\" href=\"https:\/\/osa.fh-potsdam.de\/archiv\/studium\/studienbereiche\/querschnittsthemen\/\" \/>\n<meta property=\"og:locale\" content=\"de_DE\" \/>\n<meta property=\"og:type\" content=\"article\" \/>\n<meta property=\"og:title\" content=\"Querschnittsthemen - OSA Archiv der FH Potsdam\" \/>\n<meta property=\"og:description\" content=\"Querschnittsthemen: Geschichte,&nbsp;Recht,&nbsp;Management Ein Studium im Fach Archiv bedeutet, dass man sich als Dienstleisterin oder Dienstleister mit den gesellschaftlichen Rahmen\u00adbedingungen \u2013 Geschichte, Recht und Manage\u00adment \u2013 gut aus\u00adkennt.\" \/>\n<meta property=\"og:url\" content=\"https:\/\/osa.fh-potsdam.de\/archiv\/studium\/studienbereiche\/querschnittsthemen\/\" \/>\n<meta property=\"og:site_name\" content=\"OSA Archiv der FH Potsdam\" \/>\n<meta property=\"article:modified_time\" content=\"2025-07-25T09:17:37+00:00\" \/>\n<meta property=\"og:image\" content=\"https:\/\/osa.fh-potsdam.de\/archiv\/wp-content\/uploads\/sites\/9\/2024\/06\/2_5_Querschnittsthemen-scaled.webp\" \/>\n\t<meta property=\"og:image:width\" content=\"2560\" \/>\n\t<meta property=\"og:image:height\" content=\"1872\" \/>\n\t<meta property=\"og:image:type\" content=\"image\/webp\" \/>\n<meta name=\"twitter:card\" content=\"summary_large_image\" \/>\n<meta name=\"twitter:label1\" content=\"Gesch\u00e4tzte Lesezeit\" \/>\n\t<meta name=\"twitter:data1\" content=\"2\u00a0Minuten\" \/>\n<script type=\"application\/ld+json\" class=\"yoast-schema-graph\">{\"@context\":\"https:\/\/schema.org\",\"@graph\":[{\"@type\":\"WebPage\",\"@id\":\"https:\/\/osa.fh-potsdam.de\/archiv\/studium\/studienbereiche\/querschnittsthemen\/\",\"url\":\"https:\/\/osa.fh-potsdam.de\/archiv\/studium\/studienbereiche\/querschnittsthemen\/\",\"name\":\"Querschnittsthemen - OSA Archiv der FH Potsdam\",\"isPartOf\":{\"@id\":\"https:\/\/osa.fh-potsdam.de\/archiv\/#website\"},\"primaryImageOfPage\":{\"@id\":\"https:\/\/osa.fh-potsdam.de\/archiv\/studium\/studienbereiche\/querschnittsthemen\/#primaryimage\"},\"image\":{\"@id\":\"https:\/\/osa.fh-potsdam.de\/archiv\/studium\/studienbereiche\/querschnittsthemen\/#primaryimage\"},\"thumbnailUrl\":\"https:\/\/osa.fh-potsdam.de\/archiv\/wp-content\/uploads\/sites\/9\/2024\/06\/2_5_Querschnittsthemen-1024x749.webp\",\"datePublished\":\"2024-06-04T21:13:56+00:00\",\"dateModified\":\"2025-07-25T09:17:37+00:00\",\"breadcrumb\":{\"@id\":\"https:\/\/osa.fh-potsdam.de\/archiv\/studium\/studienbereiche\/querschnittsthemen\/#breadcrumb\"},\"inLanguage\":\"de\",\"potentialAction\":[{\"@type\":\"ReadAction\",\"target\":[\"https:\/\/osa.fh-potsdam.de\/archiv\/studium\/studienbereiche\/querschnittsthemen\/\"]}]},{\"@type\":\"ImageObject\",\"inLanguage\":\"de\",\"@id\":\"https:\/\/osa.fh-potsdam.de\/archiv\/studium\/studienbereiche\/querschnittsthemen\/#primaryimage\",\"url\":\"https:\/\/osa.fh-potsdam.de\/archiv\/wp-content\/uploads\/sites\/9\/2024\/06\/2_5_Querschnittsthemen-scaled.webp\",\"contentUrl\":\"https:\/\/osa.fh-potsdam.de\/archiv\/wp-content\/uploads\/sites\/9\/2024\/06\/2_5_Querschnittsthemen-scaled.webp\",\"width\":2560,\"height\":1872},{\"@type\":\"BreadcrumbList\",\"@id\":\"https:\/\/osa.fh-potsdam.de\/archiv\/studium\/studienbereiche\/querschnittsthemen\/#breadcrumb\",\"itemListElement\":[{\"@type\":\"ListItem\",\"position\":1,\"name\":\"Startseite\",\"item\":\"https:\/\/osa.fh-potsdam.de\/archiv\/\"},{\"@type\":\"ListItem\",\"position\":2,\"name\":\"Studium\",\"item\":\"https:\/\/osa.fh-potsdam.de\/archiv\/studium\/\"},{\"@type\":\"ListItem\",\"position\":3,\"name\":\"Hauptstudienbereiche\",\"item\":\"https:\/\/osa.fh-potsdam.de\/archiv\/studium\/studienbereiche\/\"},{\"@type\":\"ListItem\",\"position\":4,\"name\":\"Querschnittsthemen\"}]},{\"@type\":\"WebSite\",\"@id\":\"https:\/\/osa.fh-potsdam.de\/archiv\/#website\",\"url\":\"https:\/\/osa.fh-potsdam.de\/archiv\/\",\"name\":\"OSA Archiv der FH Potsdam\",\"description\":\"Studienwahl-Assistent f\u00fcr den Studiengang Archiv\",\"publisher\":{\"@id\":\"https:\/\/osa.fh-potsdam.de\/archiv\/#organization\"},\"potentialAction\":[{\"@type\":\"SearchAction\",\"target\":{\"@type\":\"EntryPoint\",\"urlTemplate\":\"https:\/\/osa.fh-potsdam.de\/archiv\/?s={search_term_string}\"},\"query-input\":{\"@type\":\"PropertyValueSpecification\",\"valueRequired\":true,\"valueName\":\"search_term_string\"}}],\"inLanguage\":\"de\"},{\"@type\":\"Organization\",\"@id\":\"https:\/\/osa.fh-potsdam.de\/archiv\/#organization\",\"name\":\"OSA Archiv der FH Potsdam\",\"url\":\"https:\/\/osa.fh-potsdam.de\/archiv\/\",\"logo\":{\"@type\":\"ImageObject\",\"inLanguage\":\"de\",\"@id\":\"https:\/\/osa.fh-potsdam.de\/archiv\/#\/schema\/logo\/image\/\",\"url\":\"\",\"contentUrl\":\"\",\"caption\":\"OSA Archiv der FH Potsdam\"},\"image\":{\"@id\":\"https:\/\/osa.fh-potsdam.de\/archiv\/#\/schema\/logo\/image\/\"}}]}<\/script>\n<!-- \/ Yoast SEO plugin. -->","yoast_head_json":{"title":"Querschnittsthemen - OSA Archiv der FH Potsdam","robots":{"index":"index","follow":"follow","max-snippet":"max-snippet:-1","max-image-preview":"max-image-preview:large","max-video-preview":"max-video-preview:-1"},"canonical":"https:\/\/osa.fh-potsdam.de\/archiv\/studium\/studienbereiche\/querschnittsthemen\/","og_locale":"de_DE","og_type":"article","og_title":"Querschnittsthemen - OSA Archiv der FH Potsdam","og_description":"Querschnittsthemen: Geschichte,&nbsp;Recht,&nbsp;Management Ein Studium im Fach Archiv bedeutet, dass man sich als Dienstleisterin oder Dienstleister mit den gesellschaftlichen Rahmen\u00adbedingungen \u2013 Geschichte, Recht und Manage\u00adment \u2013 gut aus\u00adkennt.","og_url":"https:\/\/osa.fh-potsdam.de\/archiv\/studium\/studienbereiche\/querschnittsthemen\/","og_site_name":"OSA Archiv der FH Potsdam","article_modified_time":"2025-07-25T09:17:37+00:00","og_image":[{"width":2560,"height":1872,"url":"https:\/\/osa.fh-potsdam.de\/archiv\/wp-content\/uploads\/sites\/9\/2024\/06\/2_5_Querschnittsthemen-scaled.webp","type":"image\/webp"}],"twitter_card":"summary_large_image","twitter_misc":{"Gesch\u00e4tzte Lesezeit":"2\u00a0Minuten"},"schema":{"@context":"https:\/\/schema.org","@graph":[{"@type":"WebPage","@id":"https:\/\/osa.fh-potsdam.de\/archiv\/studium\/studienbereiche\/querschnittsthemen\/","url":"https:\/\/osa.fh-potsdam.de\/archiv\/studium\/studienbereiche\/querschnittsthemen\/","name":"Querschnittsthemen - OSA Archiv der FH Potsdam","isPartOf":{"@id":"https:\/\/osa.fh-potsdam.de\/archiv\/#website"},"primaryImageOfPage":{"@id":"https:\/\/osa.fh-potsdam.de\/archiv\/studium\/studienbereiche\/querschnittsthemen\/#primaryimage"},"image":{"@id":"https:\/\/osa.fh-potsdam.de\/archiv\/studium\/studienbereiche\/querschnittsthemen\/#primaryimage"},"thumbnailUrl":"https:\/\/osa.fh-potsdam.de\/archiv\/wp-content\/uploads\/sites\/9\/2024\/06\/2_5_Querschnittsthemen-1024x749.webp","datePublished":"2024-06-04T21:13:56+00:00","dateModified":"2025-07-25T09:17:37+00:00","breadcrumb":{"@id":"https:\/\/osa.fh-potsdam.de\/archiv\/studium\/studienbereiche\/querschnittsthemen\/#breadcrumb"},"inLanguage":"de","potentialAction":[{"@type":"ReadAction","target":["https:\/\/osa.fh-potsdam.de\/archiv\/studium\/studienbereiche\/querschnittsthemen\/"]}]},{"@type":"ImageObject","inLanguage":"de","@id":"https:\/\/osa.fh-potsdam.de\/archiv\/studium\/studienbereiche\/querschnittsthemen\/#primaryimage","url":"https:\/\/osa.fh-potsdam.de\/archiv\/wp-content\/uploads\/sites\/9\/2024\/06\/2_5_Querschnittsthemen-scaled.webp","contentUrl":"https:\/\/osa.fh-potsdam.de\/archiv\/wp-content\/uploads\/sites\/9\/2024\/06\/2_5_Querschnittsthemen-scaled.webp","width":2560,"height":1872},{"@type":"BreadcrumbList","@id":"https:\/\/osa.fh-potsdam.de\/archiv\/studium\/studienbereiche\/querschnittsthemen\/#breadcrumb","itemListElement":[{"@type":"ListItem","position":1,"name":"Startseite","item":"https:\/\/osa.fh-potsdam.de\/archiv\/"},{"@type":"ListItem","position":2,"name":"Studium","item":"https:\/\/osa.fh-potsdam.de\/archiv\/studium\/"},{"@type":"ListItem","position":3,"name":"Hauptstudienbereiche","item":"https:\/\/osa.fh-potsdam.de\/archiv\/studium\/studienbereiche\/"},{"@type":"ListItem","position":4,"name":"Querschnittsthemen"}]},{"@type":"WebSite","@id":"https:\/\/osa.fh-potsdam.de\/archiv\/#website","url":"https:\/\/osa.fh-potsdam.de\/archiv\/","name":"OSA Archiv der FH Potsdam","description":"Studienwahl-Assistent f\u00fcr den Studiengang Archiv","publisher":{"@id":"https:\/\/osa.fh-potsdam.de\/archiv\/#organization"},"potentialAction":[{"@type":"SearchAction","target":{"@type":"EntryPoint","urlTemplate":"https:\/\/osa.fh-potsdam.de\/archiv\/?s={search_term_string}"},"query-input":{"@type":"PropertyValueSpecification","valueRequired":true,"valueName":"search_term_string"}}],"inLanguage":"de"},{"@type":"Organization","@id":"https:\/\/osa.fh-potsdam.de\/archiv\/#organization","name":"OSA Archiv der FH Potsdam","url":"https:\/\/osa.fh-potsdam.de\/archiv\/","logo":{"@type":"ImageObject","inLanguage":"de","@id":"https:\/\/osa.fh-potsdam.de\/archiv\/#\/schema\/logo\/image\/","url":"","contentUrl":"","caption":"OSA Archiv der FH Potsdam"},"image":{"@id":"https:\/\/osa.fh-potsdam.de\/archiv\/#\/schema\/logo\/image\/"}}]}},"_links":{"self":[{"href":"https:\/\/osa.fh-potsdam.de\/archiv\/wp-json\/wp\/v2\/pages\/628","targetHints":{"allow":["GET"]}}],"collection":[{"href":"https:\/\/osa.fh-potsdam.de\/archiv\/wp-json\/wp\/v2\/pages"}],"about":[{"href":"https:\/\/osa.fh-potsdam.de\/archiv\/wp-json\/wp\/v2\/types\/page"}],"author":[{"embeddable":true,"href":"https:\/\/osa.fh-potsdam.de\/archiv\/wp-json\/wp\/v2\/users\/1"}],"replies":[{"embeddable":true,"href":"https:\/\/osa.fh-potsdam.de\/archiv\/wp-json\/wp\/v2\/comments?post=628"}],"version-history":[{"count":11,"href":"https:\/\/osa.fh-potsdam.de\/archiv\/wp-json\/wp\/v2\/pages\/628\/revisions"}],"predecessor-version":[{"id":2463,"href":"https:\/\/osa.fh-potsdam.de\/archiv\/wp-json\/wp\/v2\/pages\/628\/revisions\/2463"}],"up":[{"embeddable":true,"href":"https:\/\/osa.fh-potsdam.de\/archiv\/wp-json\/wp\/v2\/pages\/607"}],"wp:attachment":[{"href":"https:\/\/osa.fh-potsdam.de\/archiv\/wp-json\/wp\/v2\/media?parent=628"}],"curies":[{"name":"wp","href":"https:\/\/api.w.org\/{rel}","templated":true}]}}