{"id":620,"date":"2024-06-04T23:12:27","date_gmt":"2024-06-04T21:12:27","guid":{"rendered":"https:\/\/osa.fh-potsdam.de\/archiv\/?page_id=620"},"modified":"2025-07-25T11:16:36","modified_gmt":"2025-07-25T09:16:36","slug":"ueberlieferung","status":"publish","type":"page","link":"https:\/\/osa.fh-potsdam.de\/archiv\/studium\/studienbereiche\/ueberlieferung\/","title":{"rendered":"\u00dcberlieferung"},"content":{"rendered":"\n<h2 class=\"wp-block-heading\"><strong>\u00dcberlieferungs\u00adbildung und&nbsp;Benutzung&nbsp;von&nbsp;Archivalien<\/strong><\/h2>\n\n\n\n<div style=\"height:30px\" aria-hidden=\"true\" class=\"wp-block-spacer\"><\/div>\n\n\n\n<p class=\"has-background\" style=\"background-color:#f0f4f9\">In diesem Studienbereich setzen Sie sich mit den <strong>Kriterien f\u00fcr die \u00dcberlieferungs\u00adbildung<\/strong> sowie mit den <strong>zielgruppen- und bestands\u00adspezifischen Anforderungen an den Archivbetrieb<\/strong> auseinander.<\/p>\n\n\n<div  class=\"grids-section grids-is-advanced\" style=\"--_gs-gap-desktop:20px 60px;--_gs-m-desktop:40px 0 40px 0;--_gs-p-desktop:0 0 0 0;--_gs-bg-desktop:transparent none;--_gs-bg-xp-desktop:0px;--_gs-zi-desktop:auto;--_gs-d-desktop:block;--_gs-mw-desktop:calc(100% - 0 - 0);--_gs-gap-tablet:20px 60px;--_gs-m-tablet:40px 0 40px 0;--_gs-p-tablet:0 0 0 0;--_gs-bg-tablet:transparent none;--_gs-bg-xp-tablet:0px;--_gs-zi-tablet:auto;--_gs-d-tablet:block;--_gs-mw-tablet:calc(100% - 0 - 0);--_gs-gap-mobile:20px 60px;--_gs-m-mobile:40px 0 40px 0;--_gs-p-mobile:0 0 0 0;--_gs-bg-mobile:transparent none;--_gs-bg-xp-mobile:0px;--_gs-zi-mobile:auto;--_gs-d-mobile:block;--_gs-mw-mobile:calc(100% - 0 - 0);--_gs-columns:12;--_gs-rows:6\"><div class=\"grids-s-w_i\">\n<div class=\"grids-area\" style=\"--_ga-column:9\/13;--_ga-row:1\/7;--_ga-va:center;--_ga-m-desktop:0 0 0 0;--_ga-p-desktop:0 0 0 0;--_ga-bg-desktop:transparent none;--_ga-zi-desktop:auto;--_ga-d-desktop:flex;--_ga-mw-desktop:calc(100% - 0 - 0);--_ga-m-tablet:0 0 0 0;--_ga-p-tablet:0 0 0 0;--_ga-bg-tablet:transparent none;--_ga-zi-tablet:auto;--_ga-d-tablet:flex;--_ga-mw-tablet:calc(100% - 0 - 0);--_ga-m-mobile:0 0 0 0;--_ga-p-mobile:0 0 0 0;--_ga-bg-mobile:transparent none;--_ga-zi-mobile:auto;--_ga-d-mobile:flex;--_ga-mw-mobile:calc(100% - 0 - 0)\">\n<div class=\"wp-block-image\">\n<figure class=\"aligncenter size-large\"><img loading=\"lazy\" decoding=\"async\" width=\"1024\" height=\"838\" src=\"https:\/\/osa.fh-potsdam.de\/archiv\/wp-content\/uploads\/sites\/9\/2024\/06\/2_1_Ueberlieferungsbildung-1024x838.webp\" alt=\"\" class=\"wp-image-1131\" style=\"aspect-ratio:4\/3;object-fit:cover\" srcset=\"https:\/\/osa.fh-potsdam.de\/archiv\/wp-content\/uploads\/sites\/9\/2024\/06\/2_1_Ueberlieferungsbildung-1024x838.webp 1024w, https:\/\/osa.fh-potsdam.de\/archiv\/wp-content\/uploads\/sites\/9\/2024\/06\/2_1_Ueberlieferungsbildung-300x245.webp 300w, https:\/\/osa.fh-potsdam.de\/archiv\/wp-content\/uploads\/sites\/9\/2024\/06\/2_1_Ueberlieferungsbildung-768x628.webp 768w, https:\/\/osa.fh-potsdam.de\/archiv\/wp-content\/uploads\/sites\/9\/2024\/06\/2_1_Ueberlieferungsbildung-1536x1257.webp 1536w, https:\/\/osa.fh-potsdam.de\/archiv\/wp-content\/uploads\/sites\/9\/2024\/06\/2_1_Ueberlieferungsbildung-2048x1676.webp 2048w\" sizes=\"auto, (max-width: 1024px) 100vw, 1024px\" \/><\/figure>\n<\/div>\n<\/div>\n\n<div class=\"grids-area\" style=\"--_ga-column:1\/9;--_ga-row:1\/7;--_ga-m-desktop:0 0 0 0;--_ga-p-desktop:0 0 0 0;--_ga-bg-desktop:transparent none;--_ga-zi-desktop:auto;--_ga-d-desktop:flex;--_ga-mw-desktop:calc(100% - 0 - 0);--_ga-m-tablet:0 0 0 0;--_ga-p-tablet:0 0 0 0;--_ga-bg-tablet:transparent none;--_ga-zi-tablet:auto;--_ga-d-tablet:flex;--_ga-mw-tablet:calc(100% - 0 - 0);--_ga-m-mobile:0 0 0 0;--_ga-p-mobile:0 0 0 0;--_ga-bg-mobile:transparent none;--_ga-zi-mobile:auto;--_ga-d-mobile:flex;--_ga-mw-mobile:calc(100% - 0 - 0)\">\n\n<p>Archive sind Orte der Erinnerung \u2013 mit den Dokumenten in Archiven (Archivalien) kann die <strong>Vergangen\u00adheit nachvollzogen, analysiert und f\u00fcr die Zukunft studiert<\/strong> werden. Sie wachsen best\u00e4ndig an, da immer wieder Dokumente mit historischem oder rechtlichem Wert ins Archiv \u00fcber\u00adnommen werden. Archivar\u00adinnen und Archivare betreiben somit \u201e\u00dcberlieferungs\u00adbildung\u201c: Sie w\u00e4hlen aus der immensen Menge an einzigartigen Unter\u00adlagen \u2013 z.B. Akten, Daten\u00adbankdaten, Web\u00adseiten, Fotos, Filmen, Briefen \u2013 den Teil aus, der als kulturelles Erbe oder zur Sicherung von recht\u00adlichen Belangen archiv\u00adw\u00fcrdig ist.<\/p>\n\n\n\n<p>Erst die M\u00f6glich\u00adkeit der Nutzung von Archivalien gibt dem Archiv seinen Sinn \u2013 zumeist gibt es in Archiven Lese\u00ads\u00e4le. Doch auch der Online-Zugriff auf digitalisierte und digitale Archivalien verbreitet sich immer mehr. Wissen\u00adschaftliches Personal, in der Historik und Genealogie beheimatete Fach\u00adleute, Journalist\u00adinnen und Journalisten, Schul\u00adkinder, Studierende und historisch interessierte Menschen nutzen Archive. Archivar\u00adinnen und Archivare schaffen g\u00fcnstige Bedingungen f\u00fcr die Benutzung, ber\u00fcck\u00adsichtigen aber auch gleich\u00adzeitig <strong>rechtliche Grenzen, die z.B. durch das Archiv\u00adrecht, den Daten\u00adschutz oder das Urheber\u00adrecht gesetzt werden.<\/strong><\/p>\n\n<\/div>\n<\/div><\/div>\n\n\n<div class=\"wp-block-group floating-buttons-group\"><div class=\"wp-block-group__inner-container is-layout-constrained wp-block-group-is-layout-constrained\">\n<div class=\"wp-block-buttons floating-buttons-group is-content-justification-space-between is-layout-flex wp-container-core-buttons-is-layout-3d213aab wp-block-buttons-is-layout-flex\">\n<div class=\"wp-block-button has-custom-width wp-block-button__width-50\"><a class=\"wp-block-button__link has-white-color has-text-color has-background has-link-color has-text-align-center wp-element-button\" href=\"https:\/\/osa.fh-potsdam.de\/archiv\/studium\/studienbereiche\/\" style=\"background-color:#192841\">Zur \u00dcbersicht<\/a><\/div>\n\n\n\n<div class=\"wp-block-button has-custom-width wp-block-button__width-50\"><a class=\"wp-block-button__link has-white-color has-text-color has-background has-link-color has-text-align-center wp-element-button\" href=\"https:\/\/osa.fh-potsdam.de\/archiv\/studium\/studienbereiche\/digitale-archivierung\/\" style=\"background-color:#f29200\">N\u00e4chster Bereich<\/a><\/div>\n<\/div>\n<\/div><\/div>\n","protected":false},"excerpt":{"rendered":"<p>\u00dcberlieferungs\u00adbildung und&nbsp;Benutzung&nbsp;von&nbsp;Archivalien In diesem Studienbereich setzen Sie sich mit den Kriterien f\u00fcr die \u00dcberlieferungs\u00adbildung sowie mit den zielgruppen- und bestands\u00adspezifischen Anforderungen an den Archivbetrieb auseinander.<\/p>\n","protected":false},"author":1,"featured_media":0,"parent":607,"menu_order":0,"comment_status":"closed","ping_status":"closed","template":"","meta":{"powered_cache_disable_cache":false,"footnotes":""},"class_list":["post-620","page","type-page","status-publish","hentry"],"yoast_head":"<!-- This site is optimized with the Yoast SEO plugin v27.2 - https:\/\/yoast.com\/product\/yoast-seo-wordpress\/ -->\n<title>\u00dcberlieferung - OSA Archiv der FH Potsdam<\/title>\n<meta name=\"robots\" content=\"index, follow, max-snippet:-1, max-image-preview:large, max-video-preview:-1\" \/>\n<link rel=\"canonical\" href=\"https:\/\/osa.fh-potsdam.de\/archiv\/studium\/studienbereiche\/ueberlieferung\/\" \/>\n<meta property=\"og:locale\" content=\"de_DE\" \/>\n<meta property=\"og:type\" content=\"article\" \/>\n<meta property=\"og:title\" content=\"\u00dcberlieferung - OSA Archiv der FH Potsdam\" \/>\n<meta property=\"og:description\" content=\"\u00dcberlieferungs\u00adbildung und&nbsp;Benutzung&nbsp;von&nbsp;Archivalien In diesem Studienbereich setzen Sie sich mit den Kriterien f\u00fcr die \u00dcberlieferungs\u00adbildung sowie mit den zielgruppen- und bestands\u00adspezifischen Anforderungen an den Archivbetrieb auseinander.\" \/>\n<meta property=\"og:url\" content=\"https:\/\/osa.fh-potsdam.de\/archiv\/studium\/studienbereiche\/ueberlieferung\/\" \/>\n<meta property=\"og:site_name\" content=\"OSA Archiv der FH Potsdam\" \/>\n<meta property=\"article:modified_time\" content=\"2025-07-25T09:16:36+00:00\" \/>\n<meta property=\"og:image\" content=\"https:\/\/osa.fh-potsdam.de\/archiv\/wp-content\/uploads\/sites\/9\/2024\/06\/2_1_Ueberlieferungsbildung-scaled.webp\" \/>\n\t<meta property=\"og:image:width\" content=\"2560\" \/>\n\t<meta property=\"og:image:height\" content=\"2095\" \/>\n\t<meta property=\"og:image:type\" content=\"image\/webp\" \/>\n<meta name=\"twitter:card\" content=\"summary_large_image\" \/>\n<meta name=\"twitter:label1\" content=\"Gesch\u00e4tzte Lesezeit\" \/>\n\t<meta name=\"twitter:data1\" content=\"2\u00a0Minuten\" \/>\n<script type=\"application\/ld+json\" class=\"yoast-schema-graph\">{\"@context\":\"https:\/\/schema.org\",\"@graph\":[{\"@type\":\"WebPage\",\"@id\":\"https:\/\/osa.fh-potsdam.de\/archiv\/studium\/studienbereiche\/ueberlieferung\/\",\"url\":\"https:\/\/osa.fh-potsdam.de\/archiv\/studium\/studienbereiche\/ueberlieferung\/\",\"name\":\"\u00dcberlieferung - OSA Archiv der FH Potsdam\",\"isPartOf\":{\"@id\":\"https:\/\/osa.fh-potsdam.de\/archiv\/#website\"},\"primaryImageOfPage\":{\"@id\":\"https:\/\/osa.fh-potsdam.de\/archiv\/studium\/studienbereiche\/ueberlieferung\/#primaryimage\"},\"image\":{\"@id\":\"https:\/\/osa.fh-potsdam.de\/archiv\/studium\/studienbereiche\/ueberlieferung\/#primaryimage\"},\"thumbnailUrl\":\"https:\/\/osa.fh-potsdam.de\/archiv\/wp-content\/uploads\/sites\/9\/2024\/06\/2_1_Ueberlieferungsbildung-1024x838.webp\",\"datePublished\":\"2024-06-04T21:12:27+00:00\",\"dateModified\":\"2025-07-25T09:16:36+00:00\",\"breadcrumb\":{\"@id\":\"https:\/\/osa.fh-potsdam.de\/archiv\/studium\/studienbereiche\/ueberlieferung\/#breadcrumb\"},\"inLanguage\":\"de\",\"potentialAction\":[{\"@type\":\"ReadAction\",\"target\":[\"https:\/\/osa.fh-potsdam.de\/archiv\/studium\/studienbereiche\/ueberlieferung\/\"]}]},{\"@type\":\"ImageObject\",\"inLanguage\":\"de\",\"@id\":\"https:\/\/osa.fh-potsdam.de\/archiv\/studium\/studienbereiche\/ueberlieferung\/#primaryimage\",\"url\":\"https:\/\/osa.fh-potsdam.de\/archiv\/wp-content\/uploads\/sites\/9\/2024\/06\/2_1_Ueberlieferungsbildung-scaled.webp\",\"contentUrl\":\"https:\/\/osa.fh-potsdam.de\/archiv\/wp-content\/uploads\/sites\/9\/2024\/06\/2_1_Ueberlieferungsbildung-scaled.webp\",\"width\":2560,\"height\":2095},{\"@type\":\"BreadcrumbList\",\"@id\":\"https:\/\/osa.fh-potsdam.de\/archiv\/studium\/studienbereiche\/ueberlieferung\/#breadcrumb\",\"itemListElement\":[{\"@type\":\"ListItem\",\"position\":1,\"name\":\"Startseite\",\"item\":\"https:\/\/osa.fh-potsdam.de\/archiv\/\"},{\"@type\":\"ListItem\",\"position\":2,\"name\":\"Studium\",\"item\":\"https:\/\/osa.fh-potsdam.de\/archiv\/studium\/\"},{\"@type\":\"ListItem\",\"position\":3,\"name\":\"Hauptstudienbereiche\",\"item\":\"https:\/\/osa.fh-potsdam.de\/archiv\/studium\/studienbereiche\/\"},{\"@type\":\"ListItem\",\"position\":4,\"name\":\"\u00dcberlieferung\"}]},{\"@type\":\"WebSite\",\"@id\":\"https:\/\/osa.fh-potsdam.de\/archiv\/#website\",\"url\":\"https:\/\/osa.fh-potsdam.de\/archiv\/\",\"name\":\"OSA Archiv der FH Potsdam\",\"description\":\"Studienwahl-Assistent f\u00fcr den Studiengang Archiv\",\"publisher\":{\"@id\":\"https:\/\/osa.fh-potsdam.de\/archiv\/#organization\"},\"potentialAction\":[{\"@type\":\"SearchAction\",\"target\":{\"@type\":\"EntryPoint\",\"urlTemplate\":\"https:\/\/osa.fh-potsdam.de\/archiv\/?s={search_term_string}\"},\"query-input\":{\"@type\":\"PropertyValueSpecification\",\"valueRequired\":true,\"valueName\":\"search_term_string\"}}],\"inLanguage\":\"de\"},{\"@type\":\"Organization\",\"@id\":\"https:\/\/osa.fh-potsdam.de\/archiv\/#organization\",\"name\":\"OSA Archiv der FH Potsdam\",\"url\":\"https:\/\/osa.fh-potsdam.de\/archiv\/\",\"logo\":{\"@type\":\"ImageObject\",\"inLanguage\":\"de\",\"@id\":\"https:\/\/osa.fh-potsdam.de\/archiv\/#\/schema\/logo\/image\/\",\"url\":\"\",\"contentUrl\":\"\",\"caption\":\"OSA Archiv der FH Potsdam\"},\"image\":{\"@id\":\"https:\/\/osa.fh-potsdam.de\/archiv\/#\/schema\/logo\/image\/\"}}]}<\/script>\n<!-- \/ Yoast SEO plugin. -->","yoast_head_json":{"title":"\u00dcberlieferung - OSA Archiv der FH Potsdam","robots":{"index":"index","follow":"follow","max-snippet":"max-snippet:-1","max-image-preview":"max-image-preview:large","max-video-preview":"max-video-preview:-1"},"canonical":"https:\/\/osa.fh-potsdam.de\/archiv\/studium\/studienbereiche\/ueberlieferung\/","og_locale":"de_DE","og_type":"article","og_title":"\u00dcberlieferung - OSA Archiv der FH Potsdam","og_description":"\u00dcberlieferungs\u00adbildung und&nbsp;Benutzung&nbsp;von&nbsp;Archivalien In diesem Studienbereich setzen Sie sich mit den Kriterien f\u00fcr die \u00dcberlieferungs\u00adbildung sowie mit den zielgruppen- und bestands\u00adspezifischen Anforderungen an den Archivbetrieb auseinander.","og_url":"https:\/\/osa.fh-potsdam.de\/archiv\/studium\/studienbereiche\/ueberlieferung\/","og_site_name":"OSA Archiv der FH Potsdam","article_modified_time":"2025-07-25T09:16:36+00:00","og_image":[{"width":2560,"height":2095,"url":"https:\/\/osa.fh-potsdam.de\/archiv\/wp-content\/uploads\/sites\/9\/2024\/06\/2_1_Ueberlieferungsbildung-scaled.webp","type":"image\/webp"}],"twitter_card":"summary_large_image","twitter_misc":{"Gesch\u00e4tzte Lesezeit":"2\u00a0Minuten"},"schema":{"@context":"https:\/\/schema.org","@graph":[{"@type":"WebPage","@id":"https:\/\/osa.fh-potsdam.de\/archiv\/studium\/studienbereiche\/ueberlieferung\/","url":"https:\/\/osa.fh-potsdam.de\/archiv\/studium\/studienbereiche\/ueberlieferung\/","name":"\u00dcberlieferung - OSA Archiv der FH Potsdam","isPartOf":{"@id":"https:\/\/osa.fh-potsdam.de\/archiv\/#website"},"primaryImageOfPage":{"@id":"https:\/\/osa.fh-potsdam.de\/archiv\/studium\/studienbereiche\/ueberlieferung\/#primaryimage"},"image":{"@id":"https:\/\/osa.fh-potsdam.de\/archiv\/studium\/studienbereiche\/ueberlieferung\/#primaryimage"},"thumbnailUrl":"https:\/\/osa.fh-potsdam.de\/archiv\/wp-content\/uploads\/sites\/9\/2024\/06\/2_1_Ueberlieferungsbildung-1024x838.webp","datePublished":"2024-06-04T21:12:27+00:00","dateModified":"2025-07-25T09:16:36+00:00","breadcrumb":{"@id":"https:\/\/osa.fh-potsdam.de\/archiv\/studium\/studienbereiche\/ueberlieferung\/#breadcrumb"},"inLanguage":"de","potentialAction":[{"@type":"ReadAction","target":["https:\/\/osa.fh-potsdam.de\/archiv\/studium\/studienbereiche\/ueberlieferung\/"]}]},{"@type":"ImageObject","inLanguage":"de","@id":"https:\/\/osa.fh-potsdam.de\/archiv\/studium\/studienbereiche\/ueberlieferung\/#primaryimage","url":"https:\/\/osa.fh-potsdam.de\/archiv\/wp-content\/uploads\/sites\/9\/2024\/06\/2_1_Ueberlieferungsbildung-scaled.webp","contentUrl":"https:\/\/osa.fh-potsdam.de\/archiv\/wp-content\/uploads\/sites\/9\/2024\/06\/2_1_Ueberlieferungsbildung-scaled.webp","width":2560,"height":2095},{"@type":"BreadcrumbList","@id":"https:\/\/osa.fh-potsdam.de\/archiv\/studium\/studienbereiche\/ueberlieferung\/#breadcrumb","itemListElement":[{"@type":"ListItem","position":1,"name":"Startseite","item":"https:\/\/osa.fh-potsdam.de\/archiv\/"},{"@type":"ListItem","position":2,"name":"Studium","item":"https:\/\/osa.fh-potsdam.de\/archiv\/studium\/"},{"@type":"ListItem","position":3,"name":"Hauptstudienbereiche","item":"https:\/\/osa.fh-potsdam.de\/archiv\/studium\/studienbereiche\/"},{"@type":"ListItem","position":4,"name":"\u00dcberlieferung"}]},{"@type":"WebSite","@id":"https:\/\/osa.fh-potsdam.de\/archiv\/#website","url":"https:\/\/osa.fh-potsdam.de\/archiv\/","name":"OSA Archiv der FH Potsdam","description":"Studienwahl-Assistent f\u00fcr den Studiengang Archiv","publisher":{"@id":"https:\/\/osa.fh-potsdam.de\/archiv\/#organization"},"potentialAction":[{"@type":"SearchAction","target":{"@type":"EntryPoint","urlTemplate":"https:\/\/osa.fh-potsdam.de\/archiv\/?s={search_term_string}"},"query-input":{"@type":"PropertyValueSpecification","valueRequired":true,"valueName":"search_term_string"}}],"inLanguage":"de"},{"@type":"Organization","@id":"https:\/\/osa.fh-potsdam.de\/archiv\/#organization","name":"OSA Archiv der FH Potsdam","url":"https:\/\/osa.fh-potsdam.de\/archiv\/","logo":{"@type":"ImageObject","inLanguage":"de","@id":"https:\/\/osa.fh-potsdam.de\/archiv\/#\/schema\/logo\/image\/","url":"","contentUrl":"","caption":"OSA Archiv der FH Potsdam"},"image":{"@id":"https:\/\/osa.fh-potsdam.de\/archiv\/#\/schema\/logo\/image\/"}}]}},"_links":{"self":[{"href":"https:\/\/osa.fh-potsdam.de\/archiv\/wp-json\/wp\/v2\/pages\/620","targetHints":{"allow":["GET"]}}],"collection":[{"href":"https:\/\/osa.fh-potsdam.de\/archiv\/wp-json\/wp\/v2\/pages"}],"about":[{"href":"https:\/\/osa.fh-potsdam.de\/archiv\/wp-json\/wp\/v2\/types\/page"}],"author":[{"embeddable":true,"href":"https:\/\/osa.fh-potsdam.de\/archiv\/wp-json\/wp\/v2\/users\/1"}],"replies":[{"embeddable":true,"href":"https:\/\/osa.fh-potsdam.de\/archiv\/wp-json\/wp\/v2\/comments?post=620"}],"version-history":[{"count":17,"href":"https:\/\/osa.fh-potsdam.de\/archiv\/wp-json\/wp\/v2\/pages\/620\/revisions"}],"predecessor-version":[{"id":2459,"href":"https:\/\/osa.fh-potsdam.de\/archiv\/wp-json\/wp\/v2\/pages\/620\/revisions\/2459"}],"up":[{"embeddable":true,"href":"https:\/\/osa.fh-potsdam.de\/archiv\/wp-json\/wp\/v2\/pages\/607"}],"wp:attachment":[{"href":"https:\/\/osa.fh-potsdam.de\/archiv\/wp-json\/wp\/v2\/media?parent=620"}],"curies":[{"name":"wp","href":"https:\/\/api.w.org\/{rel}","templated":true}]}}