{"id":1207,"date":"2024-07-04T23:43:31","date_gmt":"2024-07-04T21:43:31","guid":{"rendered":"https:\/\/osa.fh-potsdam.de\/archiv\/?page_id=1207"},"modified":"2025-07-25T11:21:26","modified_gmt":"2025-07-25T09:21:26","slug":"management","status":"publish","type":"page","link":"https:\/\/osa.fh-potsdam.de\/archiv\/aufgaben\/management\/","title":{"rendered":"Management"},"content":{"rendered":"\n<h2 class=\"wp-block-heading\"><strong>Management<\/strong><\/h2>\n\n\n<div  class=\"grids-section grids-is-stretch\" style=\"--_gs-gap-desktop:20px 40px;--_gs-m-desktop:40px 0 40px 0;--_gs-p-desktop:0 0 0 0;--_gs-bg-desktop:transparent none;--_gs-bg-xp-desktop:0px;--_gs-zi-desktop:auto;--_gs-d-desktop:block;--_gs-mw-desktop:calc(100% - 0 - 0);--_gs-gap-tablet:20px 40px;--_gs-m-tablet:40px 0 40px 0;--_gs-p-tablet:0 0 0 0;--_gs-bg-tablet:transparent none;--_gs-bg-xp-tablet:0px;--_gs-zi-tablet:auto;--_gs-d-tablet:block;--_gs-mw-tablet:calc(100% - 0 - 0);--_gs-gap-mobile:20px 40px;--_gs-m-mobile:40px 0 40px 0;--_gs-p-mobile:0 0 0 0;--_gs-bg-mobile:transparent none;--_gs-bg-xp-mobile:0px;--_gs-zi-mobile:auto;--_gs-d-mobile:block;--_gs-mw-mobile:calc(100% - 0 - 0);--_gs-columns:1;--_gs-rows:1\"><div class=\"grids-s-w_i\">\n<div class=\"grids-area\" style=\"--_ga-column:1\/2;--_ga-row:1\/2;--_ga-m-desktop:0 0 0 0;--_ga-p-desktop:0 0 0 0;--_ga-bg-desktop:transparent none;--_ga-zi-desktop:auto;--_ga-d-desktop:flex;--_ga-mw-desktop:calc(100% - 0 - 0);--_ga-m-tablet:0 0 0 0;--_ga-p-tablet:0 0 0 0;--_ga-bg-tablet:transparent none;--_ga-zi-tablet:auto;--_ga-d-tablet:flex;--_ga-mw-tablet:calc(100% - 0 - 0);--_ga-m-mobile:0 0 0 0;--_ga-p-mobile:0 0 0 0;--_ga-bg-mobile:transparent none;--_ga-zi-mobile:auto;--_ga-d-mobile:flex;--_ga-mw-mobile:calc(100% - 0 - 0)\">\n\n<p class=\"has-background\" style=\"background-color:#f0f4f9\">Zu den Aufgaben von Archiven geh\u00f6rt es, detailliert Personal- und Raum\u00adbedarf f\u00fcr die k\u00fcnftige Arbeit ein\u00adzu\u00adsch\u00e4tzen und den Tr\u00e4gern der Archive ent\u00adsprechende <strong>Wirtschaftszahlen<\/strong> zur Ver\u00adf\u00fcgung zu stellen. Nur so k\u00f6nnen Archive sicher\u00adgehen, dass sie auch in k\u00fcnftigen Zeiten gen\u00fcgend Mittel be\u00adwilligt be\u00adkommen, um ihre ver\u00adantwortungs\u00advollen Auf\u00adgaben f\u00fcr die Gesell\u00adschaft zu er\u00adf\u00fcllen. Archiv\u00adarbeit ist daher zu einem nicht geringen Teil \u2013 und im sowohl gro\u00df als auch klein ge\u00addachten Sinne \u2013 <strong>Planungs-, Ordnungs- und Verwaltungs\u00adarbeit<\/strong> bzw. Management.<\/p>\n\n\n\n<div style=\"height:20px\" aria-hidden=\"true\" class=\"wp-block-spacer\"><\/div>\n\n\n\n<script type=\"text\/javascript\" >\ndocument.addEventListener(\"DOMContentLoaded\", function(event) { \nif(!window.jQuery) alert(\"The important jQuery library is not properly loaded in your site. Your WordPress theme is probably missing the essential wp_head() call. You can switch to another theme and you will see that the plugin works fine and this notice disappears. If you are still not sure what to do you can contact us for help.\");\n});\n<\/script>  \n  \n<div  id=\"watupro_quiz\" class=\"quiz-area single-page-quiz\">\n<p id=\"submittingExam12\" style=\"display:none;text-align:center;\"><img loading=\"lazy\" decoding=\"async\" src=\"https:\/\/osa.fh-potsdam.de\/archiv\/wp-content\/plugins\/watupro\/img\/loading.gif\" width=\"16\" height=\"16\"><\/p>\n\n<div class=\"watupro-exam-description\" id=\"description-quiz-12\"><div style=\"width: 45%; float: left;\">\n<p>Sie planen ein Projekt zur Erschlie\u00dfung von Archivalien, die Ihr Archiv k\u00fcrzlich aus einer Gemeindeverwaltung \u00fcbernommen hat. Die \u00dcbernahme besteht aus:<\/p>\n<ul>\n<li>3 mittelalterlichen Urkunden<\/li>\n<li>50 Akten des B\u00fcrgermeisters zu verschiedenen Themen aus der Zeit zwischen 1911 und 1997<\/li>\n<li>24 Akten \u00fcber Abwassergeb\u00fchren einzelner B\u00fcrger aus der Zeit zwischen 1945 bis 1990<\/li>\n<li>76 Fotos von Veranstaltungen und Ortsjubil\u00e4en<\/li>\n<li>10 technischen Zeichnungen<\/li>\n<\/ul>\n<\/div>\n<div style=\"width: 45%; float: right;\">\n<table style=\"align: center; border-collapse:collapse; text-align: left;\">\n<thead>\n<tr>\n<th>\n<p><b>ZEITANGABE JE VERZEICHNUNGSEINHEIT<\/b><\/p>\n<\/th>\n<th><\/th>\n<\/tr>\n<\/thead>\n<tbody>\n<tr>\n<th>Akten vor 1900<\/th>\n<th>80&nbsp;min<\/th>\n<\/tr>\n<tr>\n<th>Akten nach 1900<\/th>\n<th><\/th>\n<\/tr>\n<tr>\n<th>\u2013 Sachakte<\/th>\n<th>30&nbsp;min<\/th>\n<\/tr>\n<tr>\n<th>\u2013 Serienakte<\/th>\n<th>15&nbsp;min<\/th>\n<\/tr>\n<tr>\n<th>\u2013 Amtsbuch<\/th>\n<th>80&nbsp;min<\/th>\n<\/tr>\n<tr>\n<th>\u2013 Urkunde<\/th>\n<th>120&nbsp;min<\/th>\n<\/tr>\n<tr>\n<th>\u2013 Karte oder Plan<\/th>\n<th>20&nbsp;min<\/th>\n<\/tr>\n<tr>\n<th>\u2013 Foto \/ Postkarte<\/th>\n<th>10&nbsp;min<\/th>\n<\/tr>\n<tr>\n<th>\u2013 Plakat<\/th>\n<th>10&nbsp;min<\/th>\n<\/tr>\n<\/tbody>\n<\/table>\n<\/div>\n<div style=\"width: 100%; float: left;\">\n<p>In einer Arbeitshilfe (siehe Tabelle) finden Sie Standardzeitwerte f\u00fcr die Erschlie\u00dfung von Archivgut.<\/p>\n<\/div>\n<\/div>\n\n<form action=\"\" method=\"post\" class=\"quiz-form\" id=\"quiz-12\"  enctype=\"multipart\/form-data\" >\n<div class='watu-question  watu-question-compact ' id='question-1' style=';'><div id='questionWrap-1'  class=' watupro-compact watupro-compact2   watupro-question-id-65'>\n\t\t\t<div class='question-content'><div><p><strong>Frage:<\/strong> Mit welchem Zeit&shy;aufwand m\u00fcssen Sie in aller Wahrscheinlichkeit f\u00fcr die Er&shy;schlie\u00dfung rechnen? (Sie k\u00f6nnen zur Be&shy;rechnung der L\u00f6sung auch gerne einen Taschen&shy;rechner ver&shy;wenden.)<\/p><\/div><input type='hidden' name='question_id[]' id='qID_1' value='65' class='watupro-question-id'\/><input type='hidden' id='answerType65' class='answerTypeCnt1' value='radio'><!-- end question-content--><\/div><div class='question-choices  '  id='questionChoices65'><div class='watupro-question-choice  ' dir='auto' ><input type='radio' name='answer-65[]' id='answer-id-227' class='answer   answerof-65  ' value='227'   \/><label for='answer-id-227' id='answer-label-227' class=' answer'><span>A) 530 Arbeitsstunden<\/span><\/label><\/div><div class='watupro-question-choice  ' dir='auto' ><input type='radio' name='answer-65[]' id='answer-id-228' class='answer   answerof-65  ' value='228'   \/><label for='answer-id-228' id='answer-label-228' class=' answer'><span>B) 58 Arbeitsstunden<\/span><\/label><\/div><div class='watupro-question-choice  ' dir='auto' ><input type='radio' name='answer-65[]' id='answer-id-286' class='answer   answerof-65  ' value='286'   \/><label for='answer-id-286' id='answer-label-286' class=' answer'><span>C) 53 Arbeitsstunden<\/span><\/label><\/div><div class='watupro-question-choice  ' dir='auto' ><input type='radio' name='answer-65[]' id='answer-id-287' class='answer   answerof-65  ' value='287'   \/><label for='answer-id-287' id='answer-label-287' class=' answer'><span>D) 42 Arbeitsstunden<\/span><\/label><\/div><!-- end question-choices--><\/div><!-- end questionWrap--><\/div><\/div><div style='display:none' id='question-2'>\n\t<div class='question-content'>\n\t\t<img loading=\"lazy\" decoding=\"async\" src=\"https:\/\/osa.fh-potsdam.de\/archiv\/wp-content\/plugins\/watupro\/img\/loading.gif\" width=\"16\" height=\"16\" alt=\"Loading...\" title=\"Loading...\" \/>&nbsp;Loading...\t<\/div>\n<\/div>\n\n<br \/>\n\t\n\t\t\t<div class=\"watupro_buttons flex \" id=\"watuPROButtons12\" >\n\t\t  <div id=\"prev-question\" style=\"display:none;\"><input type=\"button\" value=\"&lt; Zur\u00fcck\" onclick=\"WatuPRO.nextQuestion(event, 'previous');\"\/><\/div>\t\t  \t\t  \t\t   \n\t\t   \t  \t\t<div><input type=\"button\" name=\"action\" class=\"watupro-submit-button\" onclick=\"WatuPRO.submitResult(event)\" id=\"action-button\" value=\"Antwort pr\u00fcfen\"  \/>\n\t\t<\/div>\n\t\t<\/div>\n\t\t\n\t<input type=\"hidden\" name=\"quiz_id\" value=\"12\" id=\"watuPROExamID\"\/>\n\t<input type=\"hidden\" name=\"start_time\" id=\"startTime\" value=\"2026-05-06 10:18:38\" \/>\n\t<input type=\"hidden\" name=\"start_timestamp\" id=\"startTimeStamp\" value=\"1778062718\" \/>\n\t<input type=\"hidden\" name=\"question_ids\" value=\"\" \/>\n\t<input type=\"hidden\" name=\"watupro_questions\" value=\"65:227,228,286,287\" \/>\n\t<input type=\"hidden\" name=\"no_ajax\" value=\"0\">\t\t\t<\/form>\n\t<p>&nbsp;<\/p>\n<\/div>\n\n<script type=\"text\/javascript\">\n\/\/jQuery(document).ready(function(){\ndocument.addEventListener(\"DOMContentLoaded\", function(event) { \t\nvar question_ids = \"65\";\nWatuPROSettings[12] = {};\nWatuPRO.qArr = question_ids.split(',');\nWatuPRO.exam_id = 12;\t    \nWatuPRO.post_id = 1207;\nWatuPRO.store_progress = 0;\nWatuPRO.curCatPage = 1;\nWatuPRO.requiredIDs=\"0\".split(\",\");\nWatuPRO.hAppID = \"0.62327400 1778055518\";\nvar url = \"https:\/\/osa.fh-potsdam.de\/archiv\/wp-content\/plugins\/watupro\/show_exam.php\";\nWatuPRO.examMode = 1;\nWatuPRO.siteURL=\"https:\/\/osa.fh-potsdam.de\/archiv\/wp-admin\/admin-ajax.php\";\nWatuPRO.emailIsNotRequired = 0;\nWatuPRO.perDecade = 10;\nWatuPROIntel.init(12);\nWatuPRO.inCategoryPages=1;});    \t \n<\/script>\n\n\n<\/div>\n<\/div><\/div>\n\n\n<div class=\"wp-block-buttons floating-buttons-group is-content-justification-space-between is-layout-flex wp-container-core-buttons-is-layout-3d213aab wp-block-buttons-is-layout-flex\">\n<div class=\"wp-block-button has-custom-width wp-block-button__width-50\"><a class=\"wp-block-button__link has-white-color has-text-color has-background has-link-color has-text-align-center wp-element-button\" href=\"https:\/\/osa.fh-potsdam.de\/archiv\/aufgaben\/\" style=\"background-color:#192841\">Zur \u00dcbersicht<\/a><\/div>\n\n\n\n<div class=\"wp-block-button has-custom-width wp-block-button__width-50\"><a class=\"wp-block-button__link has-white-color has-text-color has-background has-link-color has-text-align-center wp-element-button\" href=\"https:\/\/osa.fh-potsdam.de\/archiv\/studienalltag\/\" style=\"background-color:#f29200\">Aufgaben beenden<\/a><\/div>\n<\/div>\n","protected":false},"excerpt":{"rendered":"<p>Management<\/p>\n","protected":false},"author":1,"featured_media":0,"parent":244,"menu_order":11,"comment_status":"closed","ping_status":"closed","template":"","meta":{"powered_cache_disable_cache":false,"footnotes":""},"class_list":["post-1207","page","type-page","status-publish","hentry"],"yoast_head":"<!-- This site is optimized with the Yoast SEO plugin v27.2 - https:\/\/yoast.com\/product\/yoast-seo-wordpress\/ -->\n<title>Management - OSA Archiv der FH Potsdam<\/title>\n<meta name=\"robots\" content=\"index, follow, max-snippet:-1, max-image-preview:large, max-video-preview:-1\" \/>\n<link rel=\"canonical\" href=\"https:\/\/osa.fh-potsdam.de\/archiv\/aufgaben\/management\/\" \/>\n<meta property=\"og:locale\" content=\"de_DE\" \/>\n<meta property=\"og:type\" content=\"article\" \/>\n<meta property=\"og:title\" content=\"Management - OSA Archiv der FH Potsdam\" \/>\n<meta property=\"og:description\" content=\"Management\" \/>\n<meta property=\"og:url\" content=\"https:\/\/osa.fh-potsdam.de\/archiv\/aufgaben\/management\/\" \/>\n<meta property=\"og:site_name\" content=\"OSA Archiv der FH Potsdam\" \/>\n<meta property=\"article:modified_time\" content=\"2025-07-25T09:21:26+00:00\" \/>\n<meta name=\"twitter:card\" content=\"summary_large_image\" \/>\n<meta name=\"twitter:label1\" content=\"Gesch\u00e4tzte Lesezeit\" \/>\n\t<meta name=\"twitter:data1\" content=\"1\u00a0Minute\" \/>\n<script type=\"application\/ld+json\" class=\"yoast-schema-graph\">{\"@context\":\"https:\/\/schema.org\",\"@graph\":[{\"@type\":\"WebPage\",\"@id\":\"https:\/\/osa.fh-potsdam.de\/archiv\/aufgaben\/management\/\",\"url\":\"https:\/\/osa.fh-potsdam.de\/archiv\/aufgaben\/management\/\",\"name\":\"Management - OSA Archiv der FH Potsdam\",\"isPartOf\":{\"@id\":\"https:\/\/osa.fh-potsdam.de\/archiv\/#website\"},\"datePublished\":\"2024-07-04T21:43:31+00:00\",\"dateModified\":\"2025-07-25T09:21:26+00:00\",\"breadcrumb\":{\"@id\":\"https:\/\/osa.fh-potsdam.de\/archiv\/aufgaben\/management\/#breadcrumb\"},\"inLanguage\":\"de\",\"potentialAction\":[{\"@type\":\"ReadAction\",\"target\":[\"https:\/\/osa.fh-potsdam.de\/archiv\/aufgaben\/management\/\"]}]},{\"@type\":\"BreadcrumbList\",\"@id\":\"https:\/\/osa.fh-potsdam.de\/archiv\/aufgaben\/management\/#breadcrumb\",\"itemListElement\":[{\"@type\":\"ListItem\",\"position\":1,\"name\":\"Startseite\",\"item\":\"https:\/\/osa.fh-potsdam.de\/archiv\/\"},{\"@type\":\"ListItem\",\"position\":2,\"name\":\"Aufgaben\",\"item\":\"https:\/\/osa.fh-potsdam.de\/archiv\/aufgaben\/\"},{\"@type\":\"ListItem\",\"position\":3,\"name\":\"Management\"}]},{\"@type\":\"WebSite\",\"@id\":\"https:\/\/osa.fh-potsdam.de\/archiv\/#website\",\"url\":\"https:\/\/osa.fh-potsdam.de\/archiv\/\",\"name\":\"OSA Archiv der FH Potsdam\",\"description\":\"Studienwahl-Assistent f\u00fcr den Studiengang Archiv\",\"publisher\":{\"@id\":\"https:\/\/osa.fh-potsdam.de\/archiv\/#organization\"},\"potentialAction\":[{\"@type\":\"SearchAction\",\"target\":{\"@type\":\"EntryPoint\",\"urlTemplate\":\"https:\/\/osa.fh-potsdam.de\/archiv\/?s={search_term_string}\"},\"query-input\":{\"@type\":\"PropertyValueSpecification\",\"valueRequired\":true,\"valueName\":\"search_term_string\"}}],\"inLanguage\":\"de\"},{\"@type\":\"Organization\",\"@id\":\"https:\/\/osa.fh-potsdam.de\/archiv\/#organization\",\"name\":\"OSA Archiv der FH Potsdam\",\"url\":\"https:\/\/osa.fh-potsdam.de\/archiv\/\",\"logo\":{\"@type\":\"ImageObject\",\"inLanguage\":\"de\",\"@id\":\"https:\/\/osa.fh-potsdam.de\/archiv\/#\/schema\/logo\/image\/\",\"url\":\"\",\"contentUrl\":\"\",\"caption\":\"OSA Archiv der FH Potsdam\"},\"image\":{\"@id\":\"https:\/\/osa.fh-potsdam.de\/archiv\/#\/schema\/logo\/image\/\"}}]}<\/script>\n<!-- \/ Yoast SEO plugin. -->","yoast_head_json":{"title":"Management - OSA Archiv der FH Potsdam","robots":{"index":"index","follow":"follow","max-snippet":"max-snippet:-1","max-image-preview":"max-image-preview:large","max-video-preview":"max-video-preview:-1"},"canonical":"https:\/\/osa.fh-potsdam.de\/archiv\/aufgaben\/management\/","og_locale":"de_DE","og_type":"article","og_title":"Management - OSA Archiv der FH Potsdam","og_description":"Management","og_url":"https:\/\/osa.fh-potsdam.de\/archiv\/aufgaben\/management\/","og_site_name":"OSA Archiv der FH Potsdam","article_modified_time":"2025-07-25T09:21:26+00:00","twitter_card":"summary_large_image","twitter_misc":{"Gesch\u00e4tzte Lesezeit":"1\u00a0Minute"},"schema":{"@context":"https:\/\/schema.org","@graph":[{"@type":"WebPage","@id":"https:\/\/osa.fh-potsdam.de\/archiv\/aufgaben\/management\/","url":"https:\/\/osa.fh-potsdam.de\/archiv\/aufgaben\/management\/","name":"Management - OSA Archiv der FH Potsdam","isPartOf":{"@id":"https:\/\/osa.fh-potsdam.de\/archiv\/#website"},"datePublished":"2024-07-04T21:43:31+00:00","dateModified":"2025-07-25T09:21:26+00:00","breadcrumb":{"@id":"https:\/\/osa.fh-potsdam.de\/archiv\/aufgaben\/management\/#breadcrumb"},"inLanguage":"de","potentialAction":[{"@type":"ReadAction","target":["https:\/\/osa.fh-potsdam.de\/archiv\/aufgaben\/management\/"]}]},{"@type":"BreadcrumbList","@id":"https:\/\/osa.fh-potsdam.de\/archiv\/aufgaben\/management\/#breadcrumb","itemListElement":[{"@type":"ListItem","position":1,"name":"Startseite","item":"https:\/\/osa.fh-potsdam.de\/archiv\/"},{"@type":"ListItem","position":2,"name":"Aufgaben","item":"https:\/\/osa.fh-potsdam.de\/archiv\/aufgaben\/"},{"@type":"ListItem","position":3,"name":"Management"}]},{"@type":"WebSite","@id":"https:\/\/osa.fh-potsdam.de\/archiv\/#website","url":"https:\/\/osa.fh-potsdam.de\/archiv\/","name":"OSA Archiv der FH Potsdam","description":"Studienwahl-Assistent f\u00fcr den Studiengang Archiv","publisher":{"@id":"https:\/\/osa.fh-potsdam.de\/archiv\/#organization"},"potentialAction":[{"@type":"SearchAction","target":{"@type":"EntryPoint","urlTemplate":"https:\/\/osa.fh-potsdam.de\/archiv\/?s={search_term_string}"},"query-input":{"@type":"PropertyValueSpecification","valueRequired":true,"valueName":"search_term_string"}}],"inLanguage":"de"},{"@type":"Organization","@id":"https:\/\/osa.fh-potsdam.de\/archiv\/#organization","name":"OSA Archiv der FH Potsdam","url":"https:\/\/osa.fh-potsdam.de\/archiv\/","logo":{"@type":"ImageObject","inLanguage":"de","@id":"https:\/\/osa.fh-potsdam.de\/archiv\/#\/schema\/logo\/image\/","url":"","contentUrl":"","caption":"OSA Archiv der FH Potsdam"},"image":{"@id":"https:\/\/osa.fh-potsdam.de\/archiv\/#\/schema\/logo\/image\/"}}]}},"_links":{"self":[{"href":"https:\/\/osa.fh-potsdam.de\/archiv\/wp-json\/wp\/v2\/pages\/1207","targetHints":{"allow":["GET"]}}],"collection":[{"href":"https:\/\/osa.fh-potsdam.de\/archiv\/wp-json\/wp\/v2\/pages"}],"about":[{"href":"https:\/\/osa.fh-potsdam.de\/archiv\/wp-json\/wp\/v2\/types\/page"}],"author":[{"embeddable":true,"href":"https:\/\/osa.fh-potsdam.de\/archiv\/wp-json\/wp\/v2\/users\/1"}],"replies":[{"embeddable":true,"href":"https:\/\/osa.fh-potsdam.de\/archiv\/wp-json\/wp\/v2\/comments?post=1207"}],"version-history":[{"count":8,"href":"https:\/\/osa.fh-potsdam.de\/archiv\/wp-json\/wp\/v2\/pages\/1207\/revisions"}],"predecessor-version":[{"id":2476,"href":"https:\/\/osa.fh-potsdam.de\/archiv\/wp-json\/wp\/v2\/pages\/1207\/revisions\/2476"}],"up":[{"embeddable":true,"href":"https:\/\/osa.fh-potsdam.de\/archiv\/wp-json\/wp\/v2\/pages\/244"}],"wp:attachment":[{"href":"https:\/\/osa.fh-potsdam.de\/archiv\/wp-json\/wp\/v2\/media?parent=1207"}],"curies":[{"name":"wp","href":"https:\/\/api.w.org\/{rel}","templated":true}]}}